CRAN Package Check Results for Package multiRDPG

Last updated on 2022-10-03 00:50:59 CEST.

Flavor Version Tinstall Tcheck Ttotal Status Flags
r-devel-linux-x86_64-debian-clang 1.0.1 2.19 26.30 28.49 NOTE
r-devel-linux-x86_64-debian-gcc 1.0.1 1.73 19.83 21.56 NOTE
r-devel-linux-x86_64-fedora-clang 1.0.1 46.39 NOTE
r-devel-linux-x86_64-fedora-gcc 1.0.1 44.54 NOTE
r-devel-windows-x86_64 1.0.1 21.00 50.00 71.00 NOTE
r-patched-linux-x86_64 1.0.1 2.09 24.62 26.71 NOTE
r-release-linux-x86_64 1.0.1 2.12 24.98 27.10 NOTE
r-release-macos-arm64 1.0.1 15.00 NOTE
r-release-macos-x86_64 1.0.1 20.00 NOTE
r-release-windows-x86_64 1.0.1 6.00 46.00 52.00 NOTE
r-oldrel-macos-arm64 1.0.1 19.00 NOTE
r-oldrel-macos-x86_64 1.0.1 26.00 NOTE
r-oldrel-windows-ix86+x86_64 1.0.1 5.00 27.00 32.00 NOTE

Check Details

Version: 1.0.1
Check: LazyData
Result: NOTE
     'LazyData' is specified without a 'data' directory
Flavors: r-devel-linux-x86_64-debian-clang, r-devel-linux-x86_64-debian-gcc, r-devel-linux-x86_64-fedora-clang, r-devel-linux-x86_64-fedora-gcc, r-devel-windows-x86_64, r-patched-linux-x86_64, r-release-linux-x86_64, r-release-macos-arm64, r-release-macos-x86_64, r-release-windows-x86_64, r-oldrel-macos-arm64, r-oldrel-macos-x86_64, r-oldrel-windows-ix86+x86_64