CRAN Package Check Results for Package multiband

Last updated on 2021-06-15 07:49:12 CEST.

Flavor Version Tinstall Tcheck Ttotal Status Flags
r-devel-linux-x86_64-debian-clang 0.1.0 2.37 27.29 29.66 NOTE
r-devel-linux-x86_64-debian-gcc 0.1.0 2.07 21.11 23.18 NOTE
r-devel-linux-x86_64-fedora-clang 0.1.0 45.22 NOTE
r-devel-linux-x86_64-fedora-gcc 0.1.0 34.69 NOTE
r-devel-windows-x86_64 0.1.0 5.00 36.00 41.00 NOTE
r-devel-windows-x86_64-gcc10-UCRT 0.1.0 NOTE
r-patched-linux-x86_64 0.1.0 2.15 26.29 28.44 NOTE
r-patched-solaris-x86 0.1.0 54.30 NOTE
r-release-linux-x86_64 0.1.0 2.04 26.87 28.91 NOTE
r-release-macos-arm64 0.1.0 NOTE
r-release-macos-x86_64 0.1.0 NOTE
r-release-windows-ix86+x86_64 0.1.0 4.00 32.00 36.00 NOTE
r-oldrel-macos-x86_64 0.1.0 NOTE
r-oldrel-windows-ix86+x86_64 0.1.0 5.00 28.00 33.00 NOTE

Check Details

Version: 0.1.0
Check: R code for possible problems
Result: NOTE
    synthetic_multiband: no visible global function definition for 'runif'
    synthetic_multiband: no visible global function definition for 'rnorm'
    Undefined global functions or variables:
     rnorm runif
    Consider adding
     importFrom("stats", "rnorm", "runif")
    to your NAMESPACE file.
Flavors: r-devel-linux-x86_64-debian-clang, r-devel-linux-x86_64-debian-gcc, r-devel-linux-x86_64-fedora-clang, r-devel-linux-x86_64-fedora-gcc, r-devel-windows-x86_64, r-devel-windows-x86_64-gcc10-UCRT, r-patched-linux-x86_64, r-patched-solaris-x86, r-release-linux-x86_64, r-release-macos-arm64, r-release-macos-x86_64, r-release-windows-ix86+x86_64, r-oldrel-macos-x86_64, r-oldrel-windows-ix86+x86_64