CRAN Package Check Results for Package multiblock

Last updated on 2022-08-18 15:52:22 CEST.

Flavor Version Tinstall Tcheck Ttotal Status Flags
r-devel-linux-x86_64-debian-clang 0.8.2 56.27 267.18 323.45 OK
r-devel-linux-x86_64-debian-gcc 0.8.2 47.42 199.67 247.09 OK
r-devel-linux-x86_64-fedora-clang 0.8.2 414.82 OK
r-devel-linux-x86_64-fedora-gcc 0.8.2 410.32 OK
r-devel-windows-x86_64 0.8.2 124.00 341.00 465.00 OK
r-patched-linux-x86_64 0.8.2 52.94 263.32 316.26 OK
r-release-linux-x86_64 0.8.2 OK
r-release-macos-arm64 0.8.2 110.00 NOTE
r-release-macos-x86_64 0.8.2 153.00 NOTE
r-release-windows-x86_64 0.8.2 121.00 331.00 452.00 OK
r-oldrel-macos-arm64 0.8.2 127.00 NOTE
r-oldrel-macos-x86_64 0.8.2 163.00 NOTE
r-oldrel-windows-ix86+x86_64 0.8.2 118.00 407.00 525.00 OK

Check Details

Version: 0.8.2
Check: installed package size
Result: NOTE
     installed size is 7.2Mb
     sub-directories of 1Mb or more:
     doc 1.5Mb
     libs 4.5Mb
Flavors: r-release-macos-arm64, r-release-macos-x86_64, r-oldrel-macos-arm64, r-oldrel-macos-x86_64