CRAN Package Check Results for Package multiclassPairs

Last updated on 2021-05-18 02:49:21 CEST.

Flavor Version Tinstall Tcheck Ttotal Status Flags
r-devel-linux-x86_64-debian-clang 0.4.2 18.63 209.41 228.04 NOTE
r-devel-linux-x86_64-debian-gcc 0.4.2 14.16 157.06 171.22 NOTE
r-devel-linux-x86_64-fedora-clang 0.4.3 280.39 OK
r-devel-linux-x86_64-fedora-gcc 0.4.3 263.97 OK
r-devel-windows-ix86+x86_64 0.4.3 27.00 180.00 207.00 NOTE
r-devel-windows-x86_64-gcc10-UCRT 0.4.2 WARN
r-patched-linux-x86_64 0.4.3 15.88 199.80 215.68 OK
r-patched-solaris-x86 0.4.3 709.50 NOTE
r-release-linux-x86_64 0.4.2 14.76 196.70 211.46 OK
r-release-macos-x86_64 0.4.2 NOTE
r-release-windows-ix86+x86_64 0.4.2 25.00 180.00 205.00 NOTE
r-oldrel-macos-x86_64 0.4.3 ERROR

Check Details

Version: 0.4.2
Check: LazyData
Result: NOTE
     'LazyData' is specified without a 'data' directory
Flavors: r-devel-linux-x86_64-debian-clang, r-devel-linux-x86_64-debian-gcc, r-devel-windows-x86_64-gcc10-UCRT

Version: 0.4.3
Check: package dependencies
Result: NOTE
    Package suggested but not available for checking: 'leukemiasEset'
Flavors: r-devel-windows-ix86+x86_64, r-patched-solaris-x86

Version: 0.4.2
Check: package dependencies
Result: NOTE
    Packages suggested but not available for checking:
     'switchBox', 'leukemiasEset'
Flavor: r-devel-windows-x86_64-gcc10-UCRT

Version: 0.4.2
Check: re-building of vignette outputs
Result: WARN
    Error(s) in re-building vignettes:
     ...
    --- re-building 'Tutorial.Rmd' using rmarkdown
    Quitting from lines 50-78 (Tutorial.Rmd)
    Error: processing vignette 'Tutorial.Rmd' failed with diagnostics:
    Bioconductor does not yet build and check packages for R version 4.2; see
     https://bioconductor.org/install
    --- failed re-building 'Tutorial.Rmd'
    
    SUMMARY: processing the following file failed:
     'Tutorial.Rmd'
    
    Error: Vignette re-building failed.
    Execution halted
Flavor: r-devel-windows-x86_64-gcc10-UCRT

Version: 0.4.2
Check: package dependencies
Result: NOTE
    Package suggested but not available for checking: ‘switchBox’
Flavor: r-release-macos-x86_64

Version: 0.4.2
Check: package dependencies
Result: NOTE
    Package suggested but not available for checking: 'leukemiasEset'
Flavor: r-release-windows-ix86+x86_64

Version: 0.4.3
Check: package dependencies
Result: NOTE
    Packages suggested but not available for checking:
     'switchBox', 'BiocStyle', 'leukemiasEset'
Flavor: r-oldrel-macos-x86_64

Version: 0.4.3
Check: whether package can be installed
Result: ERROR
    Installation failed.
Flavor: r-oldrel-macos-x86_64