CRAN Package Check Results for Package multiclassPairs

Last updated on 2024-06-14 03:57:27 CEST.

Flavor Version Tinstall Tcheck Ttotal Status Flags
r-devel-linux-x86_64-debian-clang 0.4.3 20.87 215.54 236.41 OK
r-devel-linux-x86_64-debian-gcc 0.4.3 0.58 1.89 2.47 ERROR
r-devel-linux-x86_64-fedora-clang 0.4.3 321.16 OK
r-devel-linux-x86_64-fedora-gcc 0.4.3 304.71 OK
r-devel-windows-x86_64 0.4.3 18.00 165.00 183.00 OK
r-patched-linux-x86_64 0.4.3 14.23 214.73 228.96 OK
r-release-linux-x86_64 0.4.3 12.71 202.24 214.95 OK
r-release-macos-arm64 0.4.3 149.00 NOTE
r-release-macos-x86_64 0.4.3 127.00 OK
r-release-windows-x86_64 0.4.3 17.00 167.00 184.00 OK
r-oldrel-macos-arm64 0.4.3 210.00 NOTE
r-oldrel-macos-x86_64 0.4.3 378.00 NOTE
r-oldrel-windows-x86_64 0.4.3 23.00 207.00 230.00 OK

Check Details

Version: 0.4.3
Check: package dependencies
Result: ERROR Package required but not available: ‘caret’ See section ‘The DESCRIPTION file’ in the ‘Writing R Extensions’ manual. Flavor: r-devel-linux-x86_64-debian-gcc

Version: 0.4.3
Check: package dependencies
Result: NOTE Package suggested but not available for checking: ‘leukemiasEset’ Flavor: r-release-macos-arm64

Version: 0.4.3
Check: package dependencies
Result: NOTE Packages suggested but not available for checking: 'switchBox', 'leukemiasEset' Flavors: r-oldrel-macos-arm64, r-oldrel-macos-x86_64