CRAN Package Check Results for Package multicross

Last updated on 2020-12-05 23:47:51 CET.

Flavor Version Tinstall Tcheck Ttotal Status Flags
r-devel-linux-x86_64-debian-clang 2.1.0 12.59 96.67 109.26 OK
r-devel-linux-x86_64-debian-gcc 2.1.0 10.63 74.08 84.71 OK
r-devel-linux-x86_64-fedora-clang 2.1.0 137.81 NOTE
r-devel-linux-x86_64-fedora-gcc 2.1.0 125.89 NOTE
r-devel-windows-ix86+x86_64 2.1.0 28.00 115.00 143.00 OK
r-patched-linux-x86_64 2.1.0 8.90 89.17 98.07 OK
r-patched-solaris-x86 2.1.0 182.30 NOTE
r-release-linux-x86_64 2.1.0 8.69 87.37 96.06 OK
r-release-macos-x86_64 2.1.0 NOTE
r-release-windows-ix86+x86_64 2.1.0 19.00 118.00 137.00 OK
r-oldrel-macos-x86_64 2.1.0 NOTE
r-oldrel-windows-ix86+x86_64 2.1.0 24.00 105.00 129.00 OK

Check Details

Version: 2.1.0
Check: dependencies in R code
Result: NOTE
    Namespace in Imports field not imported from: ‘Matrix’
     All declared Imports should be used.
Flavors: r-devel-linux-x86_64-fedora-clang, r-devel-linux-x86_64-fedora-gcc, r-patched-solaris-x86, r-release-macos-x86_64, r-oldrel-macos-x86_64