Last updated on 2023-05-28 17:55:28 CEST.
Flavor | Version | Tinstall | Tcheck | Ttotal | Status | Flags |
---|---|---|---|---|---|---|
r-devel-linux-x86_64-debian-clang | 0.1.2 | 7.28 | 169.33 | 176.61 | OK | |
r-devel-linux-x86_64-debian-gcc | 0.1.2 | 4.48 | 128.78 | 133.26 | OK | |
r-devel-linux-x86_64-fedora-clang | 0.1.2 | 230.62 | NOTE | |||
r-devel-linux-x86_64-fedora-gcc | 0.1.2 | 226.01 | NOTE | |||
r-devel-windows-x86_64 | 0.1.2 | 7.00 | 140.00 | 147.00 | OK | |
r-patched-linux-x86_64 | 0.1.2 | 7.07 | 163.54 | 170.61 | OK | |
r-release-linux-x86_64 | 0.1.2 | 6.13 | 164.27 | 170.40 | OK | |
r-release-macos-arm64 | 0.1.2 | 69.00 | OK | |||
r-release-macos-x86_64 | 0.1.2 | 109.00 | OK | |||
r-release-windows-x86_64 | 0.1.2 | 10.00 | 180.00 | 190.00 | OK | |
r-oldrel-macos-arm64 | 0.1.2 | 61.00 | NOTE | |||
r-oldrel-macos-x86_64 | 0.1.2 | 104.00 | NOTE | |||
r-oldrel-windows-x86_64 | 0.1.2 | 11.00 | 178.00 | 189.00 | OK |
Version: 0.1.2
Check: dependencies in R code
Result: NOTE
Namespace in Imports field not imported from: ‘ez’
All declared Imports should be used.
Flavors: r-devel-linux-x86_64-fedora-clang, r-devel-linux-x86_64-fedora-gcc, r-oldrel-macos-arm64, r-oldrel-macos-x86_64