CRAN Package Check Results for Package multifear

Last updated on 2021-06-24 16:49:48 CEST.

Flavor Version Tinstall Tcheck Ttotal Status Flags
r-devel-linux-x86_64-debian-clang 0.1.2 6.96 162.41 169.37 OK
r-devel-linux-x86_64-debian-gcc 0.1.2 5.55 118.57 124.12 OK
r-devel-linux-x86_64-fedora-clang 0.1.2 212.56 NOTE
r-devel-linux-x86_64-fedora-gcc 0.1.2 188.90 NOTE
r-devel-windows-x86_64 0.1.2 11.00 189.00 200.00 OK
r-devel-windows-x86_64-gcc10-UCRT 0.1.2 NOTE
r-patched-linux-x86_64 0.1.2 6.34 150.63 156.97 OK
r-patched-solaris-x86 0.1.2 267.80 NOTE
r-release-linux-x86_64 0.1.2 5.97 149.94 155.91 OK
r-release-macos-arm64 0.1.2 NOTE
r-release-macos-x86_64 0.1.2 NOTE
r-release-windows-ix86+x86_64 0.1.2 13.00 145.00 158.00 OK
r-oldrel-macos-x86_64 0.1.2 NOTE

Check Details

Version: 0.1.2
Check: dependencies in R code
Result: NOTE
    Namespace in Imports field not imported from: ‘ez’
     All declared Imports should be used.
Flavors: r-devel-linux-x86_64-fedora-clang, r-devel-linux-x86_64-fedora-gcc, r-devel-windows-x86_64-gcc10-UCRT, r-patched-solaris-x86, r-release-macos-arm64, r-release-macos-x86_64, r-oldrel-macos-x86_64