Last updated on 2023-11-30 05:50:58 CET.
Flavor | Version | Tinstall | Tcheck | Ttotal | Status | Flags |
---|---|---|---|---|---|---|
r-devel-linux-x86_64-debian-clang | 0.4.5 | 6.18 | 44.16 | 50.34 | NOTE | |
r-devel-linux-x86_64-debian-gcc | 0.4.5 | 4.42 | 34.67 | 39.09 | NOTE | |
r-devel-linux-x86_64-fedora-clang | 0.4.5 | 64.76 | NOTE | |||
r-devel-linux-x86_64-fedora-gcc | 0.4.5 | 60.61 | NOTE | |||
r-devel-windows-x86_64 | 0.4.5 | 4.00 | 59.00 | 63.00 | NOTE | |
r-patched-linux-x86_64 | 0.4.5 | 6.70 | 43.94 | 50.64 | OK | |
r-release-linux-x86_64 | 0.4.5 | 6.09 | 43.69 | 49.78 | OK | |
r-release-macos-arm64 | 0.4.5 | 18.00 | OK | |||
r-release-macos-x86_64 | 0.4.5 | 49.00 | OK | |||
r-release-windows-x86_64 | 0.4.5 | 5.00 | 62.00 | 67.00 | OK | |
r-oldrel-macos-arm64 | 0.4.5 | 17.00 | OK | |||
r-oldrel-macos-x86_64 | 0.4.5 | 30.00 | OK | |||
r-oldrel-windows-x86_64 | 0.4.5 | 8.00 | 63.00 | 71.00 | OK |
Version: 0.4.5
Check: Rd \usage sections
Result: NOTE
Documented arguments not in \usage in Rd file 'Trace.Rd':
‘x’
Documented arguments not in \usage in Rd file 'iteraite_fun_Iter.Rd':
‘The’
Documented arguments not in \usage in Rd file 'prepare_data.Rd':
‘The’
Documented arguments not in \usage in Rd file 'project.Rd':
‘x’
Documented arguments not in \usage in Rd file 'select_initial_Iter.Rd':
‘X’ ‘parametrs’
Documented arguments not in \usage in Rd file 'similarity_function.Rd':
‘x’
Documented arguments not in \usage in Rd file 'similarity_noncum.Rd':
‘x’
Functions with \usage entries need to have the appropriate \alias
entries, and all their arguments documented.
The \usage entries must correspond to syntactically valid R code.
See chapter ‘Writing R documentation files’ in the ‘Writing R
Extensions’ manual.
Flavors: r-devel-linux-x86_64-debian-clang, r-devel-linux-x86_64-debian-gcc, r-devel-linux-x86_64-fedora-clang, r-devel-linux-x86_64-fedora-gcc, r-devel-windows-x86_64