Last updated on 2023-06-03 22:56:47 CEST.
Flavor | Version | Tinstall | Tcheck | Ttotal | Status | Flags |
---|---|---|---|---|---|---|
r-devel-linux-x86_64-debian-clang | 1.2 | 158.80 | 78.07 | 236.87 | OK | |
r-devel-linux-x86_64-debian-gcc | 1.2 | 128.89 | 59.66 | 188.55 | OK | |
r-devel-linux-x86_64-fedora-clang | 1.2 | 323.25 | OK | |||
r-devel-linux-x86_64-fedora-gcc | 1.2 | 347.40 | OK | |||
r-devel-windows-x86_64 | 1.2 | 113.00 | 99.00 | 212.00 | OK | |
r-patched-linux-x86_64 | 1.2 | OK | ||||
r-release-linux-x86_64 | 1.2 | 123.37 | 73.80 | 197.17 | OK | |
r-release-macos-arm64 | 1.2 | 80.00 | NOTE | |||
r-release-macos-x86_64 | 1.1 | 123.00 | NOTE | |||
r-release-windows-x86_64 | 1.2 | 150.00 | 115.00 | 265.00 | OK | |
r-oldrel-macos-arm64 | 1.2 | 71.00 | NOTE | |||
r-oldrel-macos-x86_64 | 1.2 | 97.00 | NOTE | |||
r-oldrel-windows-x86_64 | 1.2 | 141.00 | 113.00 | 254.00 | OK |
Version: 1.2
Check: installed package size
Result: NOTE
installed size is 11.5Mb
sub-directories of 1Mb or more:
libs 10.4Mb
Flavors: r-release-macos-arm64, r-oldrel-macos-arm64, r-oldrel-macos-x86_64
Version: 1.1
Check: installed package size
Result: NOTE
installed size is 8.9Mb
sub-directories of 1Mb or more:
libs 7.9Mb
Flavor: r-release-macos-x86_64