CRAN Package Check Results for Package multimix

Last updated on 2024-07-16 21:49:08 CEST.

Flavor Version Tinstall Tcheck Ttotal Status Flags
r-devel-linux-x86_64-debian-clang 1.0-10 3.74 32.70 36.44 NOTE
r-devel-linux-x86_64-debian-gcc 1.0-10 2.91 25.35 28.26 NOTE
r-devel-linux-x86_64-fedora-clang 1.0-10 46.50 NOTE
r-devel-linux-x86_64-fedora-gcc 1.0-10 43.39 NOTE
r-devel-windows-x86_64 1.0-10 4.00 47.00 51.00 NOTE
r-patched-linux-x86_64 1.0-10 4.25 32.01 36.26 NOTE
r-release-linux-x86_64 1.0-10 2.94 30.59 33.53 NOTE
r-release-macos-arm64 1.0-10 19.00 NOTE
r-release-macos-x86_64 1.0-10 30.00 NOTE
r-release-windows-x86_64 1.0-10 3.00 48.00 51.00 NOTE
r-oldrel-macos-arm64 1.0-10 17.00 OK
r-oldrel-macos-x86_64 1.0-10 28.00 OK
r-oldrel-windows-x86_64 1.0-10 4.00 50.00 54.00 OK

Check Details

Version: 1.0-10
Check: Rd files
Result: NOTE checkRd: (-1) data_organise.Rd:34: Lost braces in \itemize; \value handles \item{}{} directly checkRd: (-1) data_organise.Rd:35: Lost braces in \itemize; \value handles \item{}{} directly checkRd: (-1) data_organise.Rd:36-38: Lost braces in \itemize; \value handles \item{}{} directly checkRd: (-1) data_organise.Rd:39: Lost braces in \itemize; \value handles \item{}{} directly checkRd: (-1) data_organise.Rd:40: Lost braces in \itemize; \value handles \item{}{} directly checkRd: (-1) data_organise.Rd:41: Lost braces in \itemize; \value handles \item{}{} directly checkRd: (-1) data_organise.Rd:42: Lost braces in \itemize; \value handles \item{}{} directly checkRd: (-1) data_organise.Rd:43: Lost braces in \itemize; \value handles \item{}{} directly checkRd: (-1) data_organise.Rd:44: Lost braces in \itemize; \value handles \item{}{} directly checkRd: (-1) data_organise.Rd:45: Lost braces in \itemize; \value handles \item{}{} directly checkRd: (-1) data_organise.Rd:46: Lost braces in \itemize; \value handles \item{}{} directly checkRd: (-1) data_organise.Rd:47: Lost braces in \itemize; \value handles \item{}{} directly checkRd: (-1) data_organise.Rd:48: Lost braces in \itemize; \value handles \item{}{} directly checkRd: (-1) data_organise.Rd:49: Lost braces in \itemize; \value handles \item{}{} directly checkRd: (-1) data_organise.Rd:50: Lost braces in \itemize; \value handles \item{}{} directly checkRd: (-1) data_organise.Rd:51: Lost braces in \itemize; \value handles \item{}{} directly checkRd: (-1) data_organise.Rd:52: Lost braces in \itemize; \value handles \item{}{} directly checkRd: (-1) data_organise.Rd:53: Lost braces in \itemize; \value handles \item{}{} directly checkRd: (-1) data_organise.Rd:54: Lost braces in \itemize; \value handles \item{}{} directly checkRd: (-1) data_organise.Rd:55: Lost braces in \itemize; \value handles \item{}{} directly checkRd: (-1) data_organise.Rd:56: Lost braces in \itemize; \value handles \item{}{} directly checkRd: (-1) data_organise.Rd:57: Lost braces in \itemize; \value handles \item{}{} directly checkRd: (-1) data_organise.Rd:58: Lost braces in \itemize; \value handles \item{}{} directly checkRd: (-1) data_organise.Rd:59: Lost braces in \itemize; \value handles \item{}{} directly checkRd: (-1) data_organise.Rd:60: Lost braces in \itemize; \value handles \item{}{} directly checkRd: (-1) data_organise.Rd:61: Lost braces in \itemize; \value handles \item{}{} directly checkRd: (-1) data_organise.Rd:62: Lost braces in \itemize; \value handles \item{}{} directly checkRd: (-1) data_organise.Rd:63: Lost braces in \itemize; \value handles \item{}{} directly checkRd: (-1) data_organise.Rd:64: Lost braces in \itemize; \value handles \item{}{} directly checkRd: (-1) data_organise.Rd:65: Lost braces in \itemize; \value handles \item{}{} directly checkRd: (-1) data_organise.Rd:66: Lost braces in \itemize; \value handles \item{}{} directly checkRd: (-1) data_organise.Rd:67: Lost braces in \itemize; \value handles \item{}{} directly checkRd: (-1) data_organise.Rd:68: Lost braces in \itemize; \value handles \item{}{} directly checkRd: (-1) initParamList.Rd:25-29: Lost braces in \itemize; \value handles \item{}{} directly checkRd: (-1) initParamList.Rd:30-34: Lost braces in \itemize; \value handles \item{}{} directly checkRd: (-1) initParamList.Rd:35-37: Lost braces in \itemize; \value handles \item{}{} directly checkRd: (-1) initParamList.Rd:38-40: Lost braces in \itemize; \value handles \item{}{} directly checkRd: (-1) initParamList.Rd:41-43: Lost braces in \itemize; \value handles \item{}{} directly checkRd: (-1) initParamList.Rd:44-48: Lost braces in \itemize; \value handles \item{}{} directly checkRd: (-1) initParamList.Rd:49-52: Lost braces in \itemize; \value handles \item{}{} directly checkRd: (-1) initParamList.Rd:53-56: Lost braces in \itemize; \value handles \item{}{} directly checkRd: (-1) initParamList.Rd:57-63: Lost braces in \itemize; \value handles \item{}{} directly checkRd: (-1) initParamList.Rd:64-69: Lost braces in \itemize; \value handles \item{}{} directly checkRd: (-1) initParamList.Rd:70-73: Lost braces in \itemize; \value handles \item{}{} directly checkRd: (-1) initParamList.Rd:74-77: Lost braces in \itemize; \value handles \item{}{} directly checkRd: (-1) initParamList.Rd:78-81: Lost braces in \itemize; \value handles \item{}{} directly checkRd: (-1) initParamList.Rd:82-87: Lost braces in \itemize; \value handles \item{}{} directly checkRd: (-1) initParamList.Rd:88-93: Lost braces in \itemize; \value handles \item{}{} directly checkRd: (-1) initParamList.Rd:94-97: Lost braces in \itemize; \value handles \item{}{} directly checkRd: (-1) initParamList.Rd:98-99: Lost braces in \itemize; \value handles \item{}{} directly checkRd: (-1) initParamList.Rd:100-102: Lost braces in \itemize; \value handles \item{}{} directly Flavors: r-devel-linux-x86_64-debian-clang, r-devel-linux-x86_64-debian-gcc, r-devel-linux-x86_64-fedora-clang, r-devel-linux-x86_64-fedora-gcc, r-devel-windows-x86_64, r-patched-linux-x86_64, r-release-linux-x86_64, r-release-macos-arm64, r-release-macos-x86_64, r-release-windows-x86_64