CRAN Package Check Results for Package multimorbidity

Last updated on 2021-10-24 01:51:37 CEST.

Flavor Version Tinstall Tcheck Ttotal Status Flags
r-devel-linux-x86_64-debian-clang 0.5.0 8.07 51.99 60.06 OK
r-devel-linux-x86_64-debian-gcc 0.5.0 6.81 39.91 46.72 OK
r-devel-linux-x86_64-fedora-clang 0.5.0 82.93 NOTE
r-devel-linux-x86_64-fedora-gcc 0.5.0 71.45 NOTE
r-devel-windows-x86_64 0.5.0 14.00 76.00 90.00 OK
r-devel-windows-x86_64-gcc10-UCRT 0.5.0 NOTE
r-patched-linux-x86_64 0.5.0 8.33 48.87 57.20 OK
r-patched-solaris-x86 0.5.0 88.70 NOTE
r-release-linux-x86_64 0.5.0 9.03 49.53 58.56 OK
r-release-macos-arm64 0.5.0 NOTE
r-release-macos-x86_64 0.5.0 NOTE
r-release-windows-ix86+x86_64 0.5.0 12.00 72.00 84.00 OK
r-oldrel-macos-x86_64 0.5.0 NOTE
r-oldrel-windows-ix86+x86_64 0.5.0 17.00 69.00 86.00 OK

Check Details

Version: 0.5.0
Check: dependencies in R code
Result: NOTE
    Namespaces in Imports field not imported from:
     ‘devtools’ ‘stats’ ‘tidyverse’
     All declared Imports should be used.
Flavors: r-devel-linux-x86_64-fedora-clang, r-devel-linux-x86_64-fedora-gcc, r-devel-windows-x86_64-gcc10-UCRT, r-patched-solaris-x86, r-release-macos-arm64, r-release-macos-x86_64, r-oldrel-macos-x86_64

Version: 0.5.0
Check: data for non-ASCII characters
Result: NOTE
     Note: found 15 marked UTF-8 strings
Flavors: r-devel-linux-x86_64-fedora-clang, r-devel-linux-x86_64-fedora-gcc, r-devel-windows-x86_64-gcc10-UCRT, r-patched-solaris-x86, r-release-macos-arm64, r-release-macos-x86_64, r-oldrel-macos-x86_64