CRAN Package Check Results for Package multinet

Last updated on 2022-09-27 23:55:39 CEST.

Flavor Version Tinstall Tcheck Ttotal Status Flags
r-devel-linux-x86_64-debian-clang 4.1 656.97 55.63 712.60 OK
r-devel-linux-x86_64-debian-gcc 4.1 772.64 43.76 816.40 OK
r-devel-linux-x86_64-fedora-clang 4.1 1302.22 WARN
r-devel-linux-x86_64-fedora-gcc 4.1 1399.45 OK
r-devel-windows-x86_64 4.1 636.00 147.00 783.00 OK
r-patched-linux-x86_64 4.1 799.70 54.65 854.35 OK
r-release-linux-x86_64 4.1 799.96 55.31 855.27 OK
r-release-macos-arm64 4.1 315.00 NOTE
r-release-macos-x86_64 4.1 424.00 NOTE
r-release-windows-x86_64 4.1 727.00 149.00 876.00 OK
r-oldrel-macos-arm64 4.1 291.00 NOTE
r-oldrel-macos-x86_64 4.1 418.00 NOTE
r-oldrel-windows-ix86+x86_64 4.1 1912.00 140.00 2052.00 NOTE

Additional issues

clang15 clang15

Check Details

Version: 4.1
Check: whether package can be installed
Result: WARN
    Found the following significant warnings:
     src/core/attributes/Value.hpp:34:12: warning: invalid UTF-8 in comment [-Winvalid-utf8]
     src/core/attributes/Value.hpp:34:17: warning: invalid UTF-8 in comment [-Winvalid-utf8]
     src/core/attributes/Value.hpp:49:64: warning: invalid UTF-8 in comment [-Winvalid-utf8]
     src/core/attributes/Value.hpp:49:69: warning: invalid UTF-8 in comment [-Winvalid-utf8]
Flavor: r-devel-linux-x86_64-fedora-clang

Version: 4.1
Check: installed package size
Result: NOTE
     installed size is 5.1Mb
     sub-directories of 1Mb or more:
     libs 4.8Mb
Flavors: r-devel-linux-x86_64-fedora-clang, r-release-macos-arm64, r-release-macos-x86_64, r-oldrel-macos-arm64, r-oldrel-macos-x86_64, r-oldrel-windows-ix86+x86_64