CRAN Package Check Results for Package multinets

Last updated on 2019-11-21 05:47:52 CET.

Flavor Version Tinstall Tcheck Ttotal Status Flags
r-devel-linux-x86_64-debian-clang 0.2.1 36.16 32.20 68.36 OK
r-devel-linux-x86_64-debian-gcc 0.2.1 21.23 26.66 47.89 OK
r-devel-linux-x86_64-fedora-clang 0.2.1 94.13 NOTE
r-devel-linux-x86_64-fedora-gcc 0.2.1 83.27 NOTE
r-devel-windows-ix86+x86_64 0.2.1 101.00 97.00 198.00 OK
r-devel-windows-ix86+x86_64-gcc8 0.2.1 75.00 73.00 148.00 OK
r-patched-linux-x86_64 0.2.1 28.49 31.26 59.75 OK
r-patched-solaris-x86 0.2.1 98.70 NOTE
r-release-linux-x86_64 0.2.1 25.36 31.44 56.80 OK
r-release-windows-ix86+x86_64 0.2.1 90.00 98.00 188.00 OK
r-release-osx-x86_64 0.2.1 NOTE
r-oldrel-windows-ix86+x86_64 0.2.1 60.00 115.00 175.00 OK
r-oldrel-osx-x86_64 0.2.1 NOTE

Check Details

Version: 0.2.1
Check: dependencies in R code
Result: NOTE
    Namespace in Imports field not imported from: ‘igraphdata’
     All declared Imports should be used.
Flavors: r-devel-linux-x86_64-fedora-clang, r-devel-linux-x86_64-fedora-gcc, r-patched-solaris-x86, r-release-osx-x86_64, r-oldrel-osx-x86_64