CRAN Package Check Results for Package multinomineq

Last updated on 2019-08-19 03:46:54 CEST.

Flavor Version Tinstall Tcheck Ttotal Status Flags
r-devel-linux-x86_64-debian-clang 0.2.1 67.95 269.59 337.54 NOTE
r-devel-linux-x86_64-debian-gcc 0.2.1 50.01 178.56 228.57 NOTE
r-devel-linux-x86_64-fedora-clang 0.2.1 410.77 NOTE
r-devel-linux-x86_64-fedora-gcc 0.2.1 394.19 NOTE
r-devel-windows-ix86+x86_64 0.2.1 173.00 647.00 820.00 NOTE
r-patched-linux-x86_64 0.2.1 57.06 263.73 320.79 NOTE
r-patched-solaris-x86 0.2.1 489.90 NOTE
r-release-linux-x86_64 0.2.1 54.88 269.12 324.00 NOTE
r-release-windows-ix86+x86_64 0.2.1 111.00 510.00 621.00 NOTE
r-release-osx-x86_64 0.2.1 NOTE
r-oldrel-windows-ix86+x86_64 0.2.1 161.00 645.00 806.00 NOTE
r-oldrel-osx-x86_64 0.2.1 NOTE

Check Details

Version: 0.2.1
Check: package dependencies
Result: NOTE
    Package suggested but not available for checking: 'rPorta'
Flavors: r-devel-linux-x86_64-debian-clang, r-devel-linux-x86_64-debian-gcc, r-devel-linux-x86_64-fedora-clang, r-devel-linux-x86_64-fedora-gcc, r-devel-windows-ix86+x86_64, r-patched-linux-x86_64, r-patched-solaris-x86, r-release-linux-x86_64, r-release-windows-ix86+x86_64, r-release-osx-x86_64, r-oldrel-windows-ix86+x86_64, r-oldrel-osx-x86_64

Version: 0.2.1
Check: installed package size
Result: NOTE
     installed size is 5.8Mb
     sub-directories of 1Mb or more:
     libs 4.5Mb
Flavors: r-devel-linux-x86_64-fedora-clang, r-release-osx-x86_64, r-oldrel-osx-x86_64