CRAN Package Check Results for Package multipol

Last updated on 2021-01-16 10:08:57 CET.

Flavor Version Tinstall Tcheck Ttotal Status Flags
r-devel-linux-x86_64-debian-clang 1.0-7 2.62 38.24 40.86 OK
r-devel-linux-x86_64-debian-gcc 1.0-7 2.39 30.23 32.62 OK
r-devel-linux-x86_64-fedora-clang 1.0-7 60.01 OK
r-devel-linux-x86_64-fedora-gcc 1.0-7 50.84 OK
r-devel-windows-ix86+x86_64 1.0-7 5.00 54.00 59.00 OK
r-patched-linux-x86_64 1.0-7 2.64 36.92 39.56 OK
r-patched-solaris-x86 1.0-7 68.40 OK
r-release-linux-x86_64 1.0-7 2.61 37.03 39.64 WARN
r-release-macos-x86_64 1.0-7 OK
r-release-windows-ix86+x86_64 1.0-7 7.00 52.00 59.00 OK
r-oldrel-macos-x86_64 1.0-7 OK
r-oldrel-windows-ix86+x86_64 1.0-7 4.00 56.00 60.00 OK

Check Details

Version: 1.0-7
Check: re-building of vignette outputs
Result: WARN
    Error(s) in re-building vignettes:
     ...
    --- re-building ‘multipol.Rnw’ using Sweave
    Loading required package: multipol
    Loading required package: abind
    
    Attaching package: ‘multipol’
    
    The following object is masked from ‘package:stats’:
    
     deriv
    
    The following object is masked from ‘package:base’:
    
     single
    
    Loading required package: polynom
    Error: processing vignette 'multipol.Rnw' failed with diagnostics:
    Running ‘texi2dvi’ on ‘multipol.tex’ failed.
    LaTeX errors:
    ! Undefined control sequence.
    <recently read> \Hy@colorlink
    
    l.69 \begin{document}
    
    ! Undefined control sequence.
    \close@pdflink ->\Hy@endcolorlink
     \Hy@VerboseLinkStop \pdfendlink
    l.69 \begin{document}
    
    ! Undefined control sequence.
    <recently read> \Hy@colorlink
    
    l.69 \begin{document}
    
    ! Undefined control sequence.
    \close@pdflink ->\Hy@endcolorlink
     \Hy@VerboseLinkStop \pdfendlink
    l.69 \begin{document}
    
    --- failed re-building ‘multipol.Rnw’
    
    SUMMARY: processing the following file failed:
     ‘multipol.Rnw’
    
    Error: Vignette re-building failed.
    Execution halted
Flavor: r-release-linux-x86_64