CRAN Package Check Results for Package multipol

Last updated on 2024-02-27 17:49:24 CET.

Flavor Version Tinstall Tcheck Ttotal Status Flags
r-devel-linux-x86_64-debian-clang 1.0-9 2.23 41.21 43.44 OK
r-devel-linux-x86_64-debian-gcc 1.0-9 2.46 31.33 33.79 OK
r-devel-linux-x86_64-fedora-clang 1.0-9 54.74 OK
r-devel-linux-x86_64-fedora-gcc 1.0-9 65.49 OK
r-devel-windows-x86_64 1.0-9 3.00 73.00 76.00 OK
r-patched-linux-x86_64 1.0-9 2.45 40.50 42.95 OK
r-release-linux-x86_64 1.0-9 2.84 40.32 43.16 OK
r-release-macos-arm64 1.0-9 33.00 NOTE
r-release-macos-x86_64 1.0-9 61.00 OK
r-release-windows-x86_64 1.0-9 3.00 70.00 73.00 OK
r-oldrel-macos-arm64 1.0-9 31.00 NOTE
r-oldrel-windows-x86_64 1.0-9 5.00 73.00 78.00 OK

Check Details

Version: 1.0-9
Check: re-building of vignette outputs
Result: NOTE Error(s) in re-building vignettes: --- re-building ‘multipol.Rnw’ using Sweave Loading required package: multipol Loading required package: abind Attaching package: ‘multipol’ The following object is masked from ‘package:stats’: deriv The following object is masked from ‘package:base’: single Loading required package: polynom Error: processing vignette 'multipol.Rnw' failed with diagnostics: Running 'texi2dvi' on 'multipol.tex' failed. LaTeX errors: !pdfTeX error: pdflatex (file bbm10): Font bbm10 at 657 not found ==> Fatal error occurred, no output PDF file produced! --- failed re-building ‘multipol.Rnw’ SUMMARY: processing the following file failed: ‘multipol.Rnw’ Error: Vignette re-building failed. Execution halted Flavors: r-release-macos-arm64, r-oldrel-macos-arm64