Last updated on 2023-02-09 13:00:25 CET.
Flavor | Version | Tinstall | Tcheck | Ttotal | Status | Flags |
---|---|---|---|---|---|---|
r-devel-linux-x86_64-debian-clang | 1.2 | 2.91 | 26.92 | 29.83 | OK | |
r-devel-linux-x86_64-debian-gcc | 1.2 | 2.56 | 21.15 | 23.71 | OK | |
r-devel-linux-x86_64-fedora-clang | 1.2 | 38.70 | NOTE | |||
r-devel-linux-x86_64-fedora-gcc | 1.2 | 36.62 | NOTE | |||
r-devel-windows-x86_64 | 1.2 | 23.00 | 54.00 | 77.00 | OK | |
r-patched-linux-x86_64 | 1.2 | 3.50 | 27.17 | 30.67 | OK | |
r-release-linux-x86_64 | 1.2 | 3.02 | 26.46 | 29.48 | OK | |
r-release-macos-arm64 | 1.2 | 18.00 | OK | |||
r-release-macos-x86_64 | 1.2 | 24.00 | OK | |||
r-release-windows-x86_64 | 1.2 | 40.00 | 48.00 | 88.00 | OK | |
r-oldrel-macos-arm64 | 1.2 | 20.00 | OK | |||
r-oldrel-macos-x86_64 | 1.2 | 23.00 | OK | |||
r-oldrel-windows-ix86+x86_64 | 1.2 | 10.00 | 48.00 | 58.00 | OK |
Version: 1.2
Check: compiled code
Result: NOTE
File ‘multispatialCCM/libs/multispatialCCM.so’:
Found no calls to: ‘R_registerRoutines’, ‘R_useDynamicSymbols’
It is good practice to register native routines and to disable symbol
search.
See ‘Writing portable packages’ in the ‘Writing R Extensions’ manual.
Flavors: r-devel-linux-x86_64-fedora-clang, r-devel-linux-x86_64-fedora-gcc