CRAN Package Check Results for Package multitool

Last updated on 2024-03-04 09:48:21 CET.

Flavor Version Tinstall Tcheck Ttotal Status Flags
r-devel-linux-x86_64-debian-clang 0.1.4 9.51 176.35 185.86 OK
r-devel-linux-x86_64-debian-gcc 0.1.4 6.75 132.99 139.74 OK
r-devel-linux-x86_64-fedora-clang 0.1.4 220.55 NOTE
r-devel-linux-x86_64-fedora-gcc 0.1.4 246.64 OK
r-devel-windows-x86_64 0.1.4 9.00 144.00 153.00 NOTE
r-patched-linux-x86_64 0.1.4 13.39 169.60 182.99 OK
r-release-linux-x86_64 0.1.4 6.27 170.31 176.58 OK
r-release-macos-arm64 0.1.4 85.00 NOTE
r-release-macos-x86_64 0.1.4 199.00 NOTE
r-release-windows-x86_64 0.1.4 13.00 188.00 201.00 NOTE
r-oldrel-macos-arm64 0.1.4 79.00 NOTE
r-oldrel-windows-x86_64 0.1.4 13.00 185.00 198.00 NOTE

Check Details

Version: 0.1.4
Check: installed package size
Result: NOTE installed size is 5.1Mb sub-directories of 1Mb or more: doc 4.3Mb Flavors: r-devel-linux-x86_64-fedora-clang, r-devel-windows-x86_64, r-release-macos-arm64, r-release-macos-x86_64, r-release-windows-x86_64, r-oldrel-macos-arm64, r-oldrel-windows-x86_64