Last updated on 2023-01-29 15:51:53 CET.
Flavor | Version | Tinstall | Tcheck | Ttotal | Status | Flags |
---|---|---|---|---|---|---|
r-devel-linux-x86_64-debian-clang | 0.7 | 43.00 | 365.24 | 408.24 | OK | |
r-devel-linux-x86_64-debian-gcc | 0.7 | 32.46 | 267.52 | 299.98 | NOTE | |
r-devel-linux-x86_64-fedora-clang | 0.7 | 494.44 | NOTE | |||
r-devel-linux-x86_64-fedora-gcc | 0.7 | 533.54 | NOTE | |||
r-devel-windows-x86_64 | 0.7 | 308.00 | 418.00 | 726.00 | NOTE | |
r-patched-linux-x86_64 | 0.7 | 31.62 | 344.35 | 375.97 | OK | |
r-release-linux-x86_64 | 0.7 | 35.96 | 350.40 | 386.36 | OK | |
r-release-macos-arm64 | 0.7 | 146.00 | OK | |||
r-release-macos-x86_64 | 0.7 | 197.00 | OK | |||
r-release-windows-x86_64 | 0.7 | 101.00 | 416.00 | 517.00 | OK | |
r-oldrel-macos-arm64 | 0.7 | 143.00 | OK | |||
r-oldrel-macos-x86_64 | 0.7 | 193.00 | OK | |||
r-oldrel-windows-ix86+x86_64 | 0.7 | 92.00 | 495.00 | 587.00 | OK |
Version: 0.7
Check: C++ specification
Result: NOTE
Specified C++14: please update to current default of C++17
Flavors: r-devel-linux-x86_64-debian-gcc, r-devel-linux-x86_64-fedora-clang, r-devel-linux-x86_64-fedora-gcc, r-devel-windows-x86_64