Last updated on 2022-07-04 07:49:01 CEST.
Flavor | Version | Tinstall | Tcheck | Ttotal | Status | Flags |
---|---|---|---|---|---|---|
r-devel-linux-x86_64-debian-clang | 1.1.3 | 5.78 | 140.88 | 146.66 | OK | |
r-devel-linux-x86_64-debian-gcc | 1.1.3 | 4.23 | 101.95 | 106.18 | OK | |
r-devel-linux-x86_64-fedora-clang | 1.1.3 | 177.59 | WARN | |||
r-devel-linux-x86_64-fedora-gcc | 1.1.3 | 178.07 | WARN | |||
r-devel-windows-x86_64 | 1.1.3 | 32.00 | 169.00 | 201.00 | OK | |
r-patched-linux-x86_64 | 1.1.3 | 4.53 | 132.86 | 137.39 | OK | |
r-release-linux-x86_64 | 1.1.3 | 5.42 | 133.46 | 138.88 | OK | |
r-release-macos-arm64 | 1.1.3 | 62.00 | OK | |||
r-release-macos-x86_64 | 1.1.3 | 108.00 | OK | |||
r-release-windows-x86_64 | 1.1.3 | 44.00 | 174.00 | 218.00 | OK | |
r-oldrel-macos-arm64 | 1.1.3 | 47.00 | OK | |||
r-oldrel-macos-x86_64 | 1.1.3 | 81.00 | OK | |||
r-oldrel-windows-ix86+x86_64 | 1.1.3 | 11.00 | 167.00 | 178.00 | OK |
Version: 1.1.3
Check: package dependencies
Result: WARN
Requires orphaned package: ‘gtools’
Flavors: r-devel-linux-x86_64-fedora-clang, r-devel-linux-x86_64-fedora-gcc