CRAN Package Check Results for Package mutossGUI

Last updated on 2020-10-29 11:50:05 CET.

Flavor Version Tinstall Tcheck Ttotal Status Flags
r-devel-linux-x86_64-debian-clang 0.1-11 10.53 93.90 104.43 OK
r-devel-linux-x86_64-debian-gcc 0.1-11 9.34 71.56 80.90 OK
r-devel-linux-x86_64-fedora-clang 0.1-11 134.41 OK
r-devel-linux-x86_64-fedora-gcc 0.1-11 130.13 OK
r-devel-windows-ix86+x86_64 0.1-11 25.00 116.00 141.00 OK
r-patched-linux-x86_64 0.1-11 10.52 86.68 97.20 OK
r-patched-solaris-x86 0.1-11 180.80 OK
r-release-linux-x86_64 0.1-11 11.86 86.77 98.63 OK
r-release-macos-x86_64 0.1-11 OK
r-release-windows-ix86+x86_64 0.1-11 21.00 116.00 137.00 OK
r-oldrel-macos-x86_64 0.1-11 OK
r-oldrel-windows-ix86+x86_64 0.1-11 13.00 7.00 20.00 ERROR

Check Details

Version: 0.1-11
Check: whether package can be installed
Result: ERROR
    Installation failed.
Flavor: r-oldrel-windows-ix86+x86_64