CRAN Package Check Results for Package mvMORPH

Last updated on 2021-10-22 14:54:47 CEST.

Flavor Version Tinstall Tcheck Ttotal Status Flags
r-devel-linux-x86_64-debian-clang 1.1.4 30.96 249.06 280.02 OK
r-devel-linux-x86_64-debian-gcc 1.1.4 23.92 188.02 211.94 OK
r-devel-linux-x86_64-fedora-clang 1.1.4 346.44 OK
r-devel-linux-x86_64-fedora-gcc 1.1.4 336.24 OK
r-devel-windows-x86_64 1.1.4 48.00 306.00 354.00 OK
r-devel-windows-x86_64-gcc10-UCRT 1.1.4 ERROR
r-patched-linux-x86_64 1.1.4 29.34 247.59 276.93 OK
r-patched-solaris-x86 1.1.4 320.40 OK
r-release-linux-x86_64 1.1.4 27.93 246.50 274.43 OK
r-release-macos-arm64 1.1.4 OK
r-release-macos-x86_64 1.1.4 OK
r-release-windows-ix86+x86_64 1.1.4 52.00 374.00 426.00 OK
r-oldrel-macos-x86_64 1.1.4 OK
r-oldrel-windows-ix86+x86_64 1.1.4 74.00 381.00 455.00 OK

Check Details

Version: 1.1.4
Check: package dependencies
Result: ERROR
    Package required but not available: 'phytools'
    
    See section 'The DESCRIPTION file' in the 'Writing R Extensions'
    manual.
Flavor: r-devel-windows-x86_64-gcc10-UCRT