CRAN Package Check Results for Package mvPot

Last updated on 2022-12-04 23:53:39 CET.

Flavor Version Tinstall Tcheck Ttotal Status Flags
r-devel-linux-x86_64-debian-clang 0.1.5 6.34 38.34 44.68 OK
r-devel-linux-x86_64-debian-gcc 0.1.5 4.94 29.11 34.05 OK
r-devel-linux-x86_64-fedora-clang 0.1.5 65.83 NOTE
r-devel-linux-x86_64-fedora-gcc 0.1.5 66.91 OK
r-devel-windows-x86_64 0.1.5 17.00 76.00 93.00 OK
r-patched-linux-x86_64 0.1.5 5.45 36.46 41.91 OK
r-release-linux-x86_64 0.1.5 5.21 37.75 42.96 OK
r-release-macos-arm64 0.1.5 19.00 OK
r-release-macos-x86_64 0.1.5 28.00 OK
r-release-windows-x86_64 0.1.5 17.00 74.00 91.00 OK
r-oldrel-macos-arm64 0.1.5 25.00 OK
r-oldrel-macos-x86_64 0.1.5 38.00 OK
r-oldrel-windows-ix86+x86_64 0.1.5 17.00 86.00 103.00 OK

Check Details

Version: 0.1.5
Check: Rd cross-references
Result: NOTE
    Undeclared package ‘mev’ in Rd xrefs
Flavor: r-devel-linux-x86_64-fedora-clang