CRAN Package Check Results for Package mvProbit

Last updated on 2021-08-05 20:50:30 CEST.

Flavor Version Tinstall Tcheck Ttotal Status Flags
r-devel-linux-x86_64-debian-clang 0.1-10 4.56 205.75 210.31 OK
r-devel-linux-x86_64-debian-gcc 0.1-10 3.46 150.86 154.32 OK
r-devel-linux-x86_64-fedora-clang 0.1-10 246.25 NOTE
r-devel-linux-x86_64-fedora-gcc 0.1-10 244.29 OK
r-devel-windows-x86_64 0.1-10 7.00 274.00 281.00 OK
r-devel-windows-x86_64-gcc10-UCRT 0.1-10 NOTE
r-patched-linux-x86_64 0.1-10 4.78 195.17 199.95 OK
r-patched-solaris-x86 0.1-10 318.50 OK
r-release-linux-x86_64 0.1-10 4.30 198.87 203.17 OK
r-release-macos-arm64 0.1-10 OK
r-release-macos-x86_64 0.1-10 OK
r-release-windows-ix86+x86_64 0.1-10 10.00 205.00 215.00 OK
r-oldrel-macos-x86_64 0.1-10 OK
r-oldrel-windows-ix86+x86_64 0.1-10 7.00 261.00 268.00 OK

Check Details

Version: 0.1-10
Check: Rd cross-references
Result: NOTE
    Undeclared package ‘sampleSelection’ in Rd xrefs
Flavor: r-devel-linux-x86_64-fedora-clang

Version: 0.1-10
Check: Rd cross-references
Result: NOTE
    Package unavailable to check Rd xrefs: 'sampleSelection'
Flavor: r-devel-windows-x86_64-gcc10-UCRT