Last updated on 2023-02-05 14:51:33 CET.
Flavor | Version | Tinstall | Tcheck | Ttotal | Status | Flags |
---|---|---|---|---|---|---|
r-devel-linux-x86_64-debian-clang | 4.2.1 | 96.22 | 189.50 | 285.72 | NOTE | |
r-devel-linux-x86_64-debian-gcc | 4.2.1 | 75.88 | 136.12 | 212.00 | NOTE | |
r-devel-linux-x86_64-fedora-clang | 4.2.1 | 394.54 | NOTE | |||
r-devel-linux-x86_64-fedora-gcc | 4.2.1 | 353.77 | NOTE | |||
r-devel-windows-x86_64 | 4.2.1 | 117.00 | 252.00 | 369.00 | NOTE | |
r-patched-linux-x86_64 | 4.2.1 | 82.24 | 182.06 | 264.30 | OK | |
r-release-linux-x86_64 | 4.2.1 | 76.80 | 176.67 | 253.47 | OK | |
r-release-macos-arm64 | 4.2.1 | 87.00 | NOTE | |||
r-release-macos-x86_64 | 4.2.1 | 113.00 | NOTE | |||
r-release-windows-x86_64 | 4.2.1 | 133.00 | 250.00 | 383.00 | OK | |
r-oldrel-macos-arm64 | 4.2.1 | 71.00 | NOTE | |||
r-oldrel-macos-x86_64 | 4.2.1 | 119.00 | NOTE | |||
r-oldrel-windows-ix86+x86_64 | 4.2.1 | 222.00 | 333.00 | 555.00 | OK |
Version: 4.2.1
Check: C++ specification
Result: NOTE
Specified C++11: please update to current default of C++17
Flavors: r-devel-linux-x86_64-debian-clang, r-devel-linux-x86_64-debian-gcc, r-devel-linux-x86_64-fedora-clang, r-devel-linux-x86_64-fedora-gcc, r-devel-windows-x86_64
Version: 4.2.1
Check: installed package size
Result: NOTE
installed size is 6.6Mb
sub-directories of 1Mb or more:
libs 5.4Mb
Flavors: r-release-macos-arm64, r-release-macos-x86_64, r-oldrel-macos-arm64, r-oldrel-macos-x86_64