CRAN Package Check Results for Package mvcluster

Last updated on 2019-12-15 18:50:12 CET.

Flavor Version Tinstall Tcheck Ttotal Status Flags
r-devel-linux-x86_64-debian-clang 1.0 100.25 30.48 130.73 NOTE
r-devel-linux-x86_64-debian-gcc 1.0 67.36 23.43 90.79 NOTE
r-devel-linux-x86_64-fedora-clang 1.0 186.34 NOTE
r-devel-linux-x86_64-fedora-gcc 1.0 168.95 NOTE
r-devel-windows-ix86+x86_64 1.0 207.00 84.00 291.00 NOTE
r-devel-windows-ix86+x86_64-gcc8 1.0 210.00 83.00 293.00 NOTE
r-patched-linux-x86_64 1.0 75.58 29.24 104.82 NOTE
r-patched-solaris-x86 1.0 177.50 NOTE
r-release-linux-x86_64 1.0 73.86 29.65 103.51 NOTE
r-release-windows-ix86+x86_64 1.0 182.00 62.00 244.00 NOTE
r-release-osx-x86_64 1.0 NOTE
r-oldrel-windows-ix86+x86_64 1.0 199.00 65.00 264.00 NOTE
r-oldrel-osx-x86_64 1.0 NOTE

Check Details

Version: 1.0
Check: DESCRIPTION meta-information
Result: NOTE
    Checking should be performed on sources prepared by 'R CMD build'.
Flavors: r-devel-linux-x86_64-debian-clang, r-devel-linux-x86_64-debian-gcc, r-devel-linux-x86_64-fedora-clang, r-devel-linux-x86_64-fedora-gcc, r-devel-windows-ix86+x86_64, r-devel-windows-ix86+x86_64-gcc8, r-patched-linux-x86_64, r-patched-solaris-x86, r-release-linux-x86_64, r-release-windows-ix86+x86_64, r-release-osx-x86_64, r-oldrel-windows-ix86+x86_64, r-oldrel-osx-x86_64

Version: 1.0
Check: compiled code
Result: NOTE
    File ‘mvcluster/libs/mvcluster.so’:
     Found no calls to: ‘R_registerRoutines’, ‘R_useDynamicSymbols’
    
    It is good practice to register native routines and to disable symbol
    search.
    
    See ‘Writing portable packages’ in the ‘Writing R Extensions’ manual.
Flavors: r-devel-linux-x86_64-fedora-clang, r-devel-linux-x86_64-fedora-gcc