CRAN Package Check Results for Package mvcluster

Last updated on 2019-08-22 00:51:17 CEST.

Flavor Version Tinstall Tcheck Ttotal Status Flags
r-devel-linux-x86_64-debian-clang 1.0 83.29 30.03 113.32 NOTE
r-devel-linux-x86_64-debian-gcc 1.0 63.22 23.14 86.36 NOTE
r-devel-linux-x86_64-fedora-clang 1.0 182.02 NOTE
r-devel-linux-x86_64-fedora-gcc 1.0 164.80 NOTE
r-devel-windows-ix86+x86_64 1.0 259.00 83.00 342.00 NOTE
r-patched-linux-x86_64 1.0 77.22 29.82 107.04 NOTE
r-patched-solaris-x86 1.0 163.90 NOTE
r-release-linux-x86_64 1.0 73.77 29.82 103.59 NOTE
r-release-windows-ix86+x86_64 1.0 269.00 93.00 362.00 NOTE
r-release-osx-x86_64 1.0 NOTE
r-oldrel-windows-ix86+x86_64 1.0 247.00 80.00 327.00 NOTE
r-oldrel-osx-x86_64 1.0 NOTE

Check Details

Version: 1.0
Check: DESCRIPTION meta-information
Result: NOTE
    Checking should be performed on sources prepared by 'R CMD build'.
Flavors: r-devel-linux-x86_64-debian-clang, r-devel-linux-x86_64-debian-gcc, r-devel-linux-x86_64-fedora-clang, r-devel-linux-x86_64-fedora-gcc, r-devel-windows-ix86+x86_64, r-patched-linux-x86_64, r-patched-solaris-x86, r-release-linux-x86_64, r-release-windows-ix86+x86_64, r-release-osx-x86_64, r-oldrel-windows-ix86+x86_64, r-oldrel-osx-x86_64

Version: 1.0
Check: compiled code
Result: NOTE
    File ‘mvcluster/libs/mvcluster.so’:
     Found no calls to: ‘R_registerRoutines’, ‘R_useDynamicSymbols’
    
    It is good practice to register native routines and to disable symbol
    search.
    
    See ‘Writing portable packages’ in the ‘Writing R Extensions’ manual.
Flavors: r-devel-linux-x86_64-fedora-clang, r-devel-linux-x86_64-fedora-gcc