CRAN Package Check Results for Package mvmeta

Last updated on 2019-03-23 19:50:39 CET.

Flavor Version Tinstall Tcheck Ttotal Status Flags
r-devel-linux-x86_64-debian-clang 0.4.11 4.17 44.81 48.98 OK
r-devel-linux-x86_64-debian-gcc 0.4.11 3.82 34.04 37.86 OK
r-devel-linux-x86_64-fedora-clang 0.4.11 57.41 OK
r-devel-linux-x86_64-fedora-gcc 0.4.11 54.85 OK
r-devel-windows-ix86+x86_64 0.4.11 9.00 77.00 86.00 OK
r-patched-linux-x86_64 0.4.11 2.57 41.70 44.27 OK
r-patched-solaris-x86 0.4.11 71.80 OK
r-release-linux-x86_64 0.4.11 0.36 2.50 2.86 ERROR
r-release-windows-ix86+x86_64 0.4.11 5.00 56.00 61.00 OK
r-release-osx-x86_64 0.4.11 OK
r-oldrel-windows-ix86+x86_64 0.4.11 3.00 74.00 77.00 OK
r-oldrel-osx-x86_64 0.4.11 OK

Check Details

Version: 0.4.11
Check: whether package can be installed
Result: ERROR
    Installation failed.
Flavor: r-release-linux-x86_64