CRAN Package Check Results for Package mvnmle

Last updated on 2020-04-04 23:48:04 CEST.

Flavor Version Tinstall Tcheck Ttotal Status Flags
r-devel-linux-x86_64-debian-clang 0.1-11.1 2.13 20.36 22.49 OK
r-devel-linux-x86_64-debian-gcc 0.1-11.1 1.90 16.83 18.73 OK
r-devel-linux-x86_64-fedora-clang 0.1-11.1 29.19 NOTE
r-devel-linux-x86_64-fedora-gcc 0.1-11.1 28.00 NOTE
r-devel-windows-ix86+x86_64 0.1-11.1 8.00 50.00 58.00 OK
r-devel-windows-ix86+x86_64-gcc8 0.1-11.1 8.00 38.00 46.00 OK
r-patched-linux-x86_64 0.1-11.1 2.21 20.07 22.28 OK
r-patched-solaris-x86 0.1-11.1 44.20 OK
r-release-linux-x86_64 0.1-11.1 1.78 18.93 20.71 OK
r-release-windows-ix86+x86_64 0.1-11.1 6.00 46.00 52.00 OK
r-release-osx-x86_64 0.1-11.1 OK
r-oldrel-windows-ix86+x86_64 0.1-11.1 6.00 33.00 39.00 OK
r-oldrel-osx-x86_64 0.1-11.1 OK

Check Details

Version: 0.1-11.1
Check: compiled code
Result: NOTE
    File ‘mvnmle/libs/mvnmle.so’:
     Found no calls to: ‘R_registerRoutines’, ‘R_useDynamicSymbols’
    
    It is good practice to register native routines and to disable symbol
    search.
    
    See ‘Writing portable packages’ in the ‘Writing R Extensions’ manual.
Flavors: r-devel-linux-x86_64-fedora-clang, r-devel-linux-x86_64-fedora-gcc