Last updated on 2023-09-21 10:55:26 CEST.
Flavor | Version | Tinstall | Tcheck | Ttotal | Status | Flags |
---|---|---|---|---|---|---|
r-devel-linux-x86_64-debian-clang | 2.1.1 | 6.58 | 51.22 | 57.80 | NOTE | |
r-devel-linux-x86_64-debian-gcc | 2.1.1 | 4.63 | 37.96 | 42.59 | NOTE | |
r-devel-linux-x86_64-fedora-clang | 2.1.1 | 70.51 | NOTE | |||
r-devel-linux-x86_64-fedora-gcc | 2.1.1 | 69.20 | NOTE | |||
r-devel-windows-x86_64 | 2.1.1 | 6.00 | 65.00 | 71.00 | NOTE | |
r-patched-linux-x86_64 | 2.1.1 | 5.38 | 49.77 | 55.15 | NOTE | |
r-release-linux-x86_64 | 2.1.1 | 4.77 | 49.94 | 54.71 | NOTE | |
r-release-macos-arm64 | 2.1.1 | 27.00 | NOTE | |||
r-release-macos-x86_64 | 2.1.1 | 37.00 | NOTE | |||
r-release-windows-x86_64 | 2.1.1 | 7.00 | 70.00 | 77.00 | NOTE | |
r-oldrel-macos-arm64 | 2.1.1 | 24.00 | OK | |||
r-oldrel-macos-x86_64 | 2.1.1 | 31.00 | OK | |||
r-oldrel-windows-x86_64 | 2.1.1 | 10.00 | 69.00 | 79.00 | OK |
Version: 2.1.1
Check: Rd files
Result: NOTE
checkRd: (-1) pkb.Rd:14: Escaped LaTeX specials: \# \# \#
Flavors: r-devel-linux-x86_64-debian-clang, r-devel-linux-x86_64-debian-gcc, r-devel-linux-x86_64-fedora-clang, r-devel-linux-x86_64-fedora-gcc, r-devel-windows-x86_64, r-patched-linux-x86_64, r-release-linux-x86_64, r-release-macos-arm64, r-release-macos-x86_64, r-release-windows-x86_64