CRAN Package Check Results for Package mvprpb

Last updated on 2020-04-09 22:50:30 CEST.

Flavor Version Tinstall Tcheck Ttotal Status Flags
r-devel-linux-x86_64-debian-clang 1.0.4 1.90 18.49 20.39 NOTE
r-devel-linux-x86_64-debian-gcc 1.0.4 1.49 14.90 16.39 NOTE
r-devel-linux-x86_64-fedora-clang 1.0.4 25.32 NOTE
r-devel-linux-x86_64-fedora-gcc 1.0.4 27.25 NOTE
r-devel-windows-ix86+x86_64 1.0.4 6.00 37.00 43.00 NOTE
r-devel-windows-ix86+x86_64-gcc8 1.0.4 5.00 27.00 32.00 NOTE
r-patched-linux-x86_64 1.0.4 2.05 18.31 20.36 NOTE
r-patched-osx-x86_64 1.0.4 NOTE
r-patched-solaris-x86 1.0.4 40.90 NOTE
r-release-linux-x86_64 1.0.4 1.47 17.24 18.71 NOTE
r-release-windows-ix86+x86_64 1.0.4 4.00 34.00 38.00 NOTE
r-release-osx-x86_64 1.0.4 NOTE
r-oldrel-windows-ix86+x86_64 1.0.4 3.00 25.00 28.00 NOTE
r-oldrel-osx-x86_64 1.0.4 NOTE

Check Details

Version: 1.0.4
Check: R code for possible problems
Result: NOTE
    mvorpb: no visible global function definition for 'pnorm'
    mvorpb: no visible global function definition for 'dnorm'
    Undefined global functions or variables:
     dnorm pnorm
    Consider adding
     importFrom("stats", "dnorm", "pnorm")
    to your NAMESPACE file.
Flavors: r-devel-linux-x86_64-debian-clang, r-devel-linux-x86_64-debian-gcc, r-devel-linux-x86_64-fedora-clang, r-devel-linux-x86_64-fedora-gcc, r-devel-windows-ix86+x86_64, r-devel-windows-ix86+x86_64-gcc8, r-patched-linux-x86_64, r-patched-osx-x86_64, r-patched-solaris-x86, r-release-linux-x86_64, r-release-windows-ix86+x86_64, r-release-osx-x86_64, r-oldrel-windows-ix86+x86_64, r-oldrel-osx-x86_64