CRAN Package Check Results for Package mwa

Last updated on 2020-04-10 07:50:24 CEST.

Flavor Version Tinstall Tcheck Ttotal Status Flags
r-devel-linux-x86_64-debian-clang 0.4.2 7.44 46.44 53.88 OK
r-devel-linux-x86_64-debian-gcc 0.4.2 4.79 37.87 42.66 OK
r-devel-linux-x86_64-fedora-clang 0.4.2 67.18 OK
r-devel-linux-x86_64-fedora-gcc 0.4.2 76.17 OK
r-devel-windows-ix86+x86_64 0.4.2 13.00 50.00 63.00 OK
r-devel-windows-ix86+x86_64-gcc8 0.4.1 11.00 57.00 68.00 NOTE
r-patched-linux-x86_64 0.4.2 7.20 46.27 53.47 OK
r-patched-osx-x86_64 0.4.1 NOTE
r-patched-solaris-x86 0.4.2 100.10 OK
r-release-linux-x86_64 0.4.2 6.46 43.13 49.59 OK
r-release-windows-ix86+x86_64 0.4.2 18.00 88.00 106.00 OK
r-release-osx-x86_64 0.4.1 FAIL
r-oldrel-windows-ix86+x86_64 0.4.2 9.00 80.00 89.00 OK
r-oldrel-osx-x86_64 0.4.1 NOTE

Check Details

Version: 0.4.1
Check: R code for possible problems
Result: NOTE
    plot.matchedwake: no visible global function definition for
     'filled.contour'
    plot.matchedwake: no visible binding for global variable 'gray.colors'
    plot.matchedwake: no visible global function definition for 'axis'
    plot.matchedwake: no visible global function definition for 'rect'
    slideWakeMatch: no visible binding for global variable 'lm'
    slideWakeMatch: no visible global function definition for 'as.formula'
    slideWakeMatch: no visible global function definition for 'summary.glm'
    Undefined global functions or variables:
     as.formula axis filled.contour gray.colors lm rect summary.glm
    Consider adding
     importFrom("grDevices", "gray.colors")
     importFrom("graphics", "axis", "filled.contour", "rect")
     importFrom("stats", "as.formula", "lm", "summary.glm")
    to your NAMESPACE file.
Flavors: r-devel-windows-ix86+x86_64-gcc8, r-patched-osx-x86_64, r-oldrel-osx-x86_64

Version: 0.4.1
Check: whether package can be installed
Result: FAIL
Flavor: r-release-osx-x86_64