CRAN Package Check Results for Package mxkssd

Last updated on 2020-04-09 00:50:33 CEST.

Flavor Version Tinstall Tcheck Ttotal Status Flags
r-devel-linux-x86_64-debian-clang 1.1 1.88 18.49 20.37 NOTE
r-devel-linux-x86_64-debian-gcc 1.1 1.54 14.87 16.41 NOTE
r-devel-linux-x86_64-fedora-clang 1.1 24.95 NOTE
r-devel-linux-x86_64-fedora-gcc 1.1 26.72 NOTE
r-devel-windows-ix86+x86_64 1.1 6.00 47.00 53.00 NOTE
r-devel-windows-ix86+x86_64-gcc8 1.1 5.00 35.00 40.00 NOTE
r-patched-linux-x86_64 1.1 1.92 18.11 20.03 NOTE
r-patched-solaris-x86 1.1 40.10 NOTE
r-release-linux-x86_64 1.1 1.48 16.84 18.32 NOTE
r-release-windows-ix86+x86_64 1.1 5.00 42.00 47.00 NOTE
r-release-osx-x86_64 1.1 NOTE
r-oldrel-windows-ix86+x86_64 1.1 3.00 34.00 37.00 NOTE
r-oldrel-osx-x86_64 1.1 NOTE

Check Details

Version: 1.1
Check: R code for possible problems
Result: NOTE
    mxkssd: no visible global function definition for 'txtProgressBar'
    mxkssd: no visible global function definition for 'setTxtProgressBar'
    Undefined global functions or variables:
     setTxtProgressBar txtProgressBar
    Consider adding
     importFrom("utils", "setTxtProgressBar", "txtProgressBar")
    to your NAMESPACE file.
Flavors: r-devel-linux-x86_64-debian-clang, r-devel-linux-x86_64-debian-gcc, r-devel-linux-x86_64-fedora-clang, r-devel-linux-x86_64-fedora-gcc, r-devel-windows-ix86+x86_64, r-devel-windows-ix86+x86_64-gcc8, r-patched-linux-x86_64, r-patched-solaris-x86, r-release-linux-x86_64, r-release-windows-ix86+x86_64, r-release-osx-x86_64, r-oldrel-windows-ix86+x86_64, r-oldrel-osx-x86_64