Last updated on 2022-07-06 04:55:15 CEST.
Flavor | Version | Tinstall | Tcheck | Ttotal | Status | Flags |
---|---|---|---|---|---|---|
r-devel-linux-x86_64-debian-clang | 1.0.2 | 15.09 | 207.19 | 222.28 | OK | |
r-devel-linux-x86_64-debian-gcc | 1.0.2 | 10.59 | 150.02 | 160.61 | OK | |
r-devel-linux-x86_64-fedora-clang | 1.0.2 | 284.83 | NOTE | |||
r-devel-linux-x86_64-fedora-gcc | 1.0.2 | 272.99 | NOTE | |||
r-devel-windows-x86_64 | 1.0.2 | 28.00 | 237.00 | 265.00 | OK | |
r-patched-linux-x86_64 | 1.0.2 | 14.91 | 188.55 | 203.46 | OK | |
r-release-linux-x86_64 | 1.0.2 | 12.66 | 190.61 | 203.27 | OK | |
r-release-macos-arm64 | 1.0.2 | 81.00 | NOTE | |||
r-release-macos-x86_64 | 1.0.2 | 106.00 | NOTE | |||
r-release-windows-x86_64 | 1.0.2 | 34.00 | 245.00 | 279.00 | OK | |
r-oldrel-macos-arm64 | 1.0.2 | 74.00 | NOTE | |||
r-oldrel-macos-x86_64 | 1.0.2 | 103.00 | NOTE | |||
r-oldrel-windows-ix86+x86_64 | 1.0.2 | 33.00 | 237.00 | 270.00 | OK |
Version: 1.0.2
Check: dependencies in R code
Result: NOTE
Namespaces in Imports field not imported from:
‘e1071’ ‘glue’
All declared Imports should be used.
Flavors: r-devel-linux-x86_64-fedora-clang, r-devel-linux-x86_64-fedora-gcc, r-release-macos-arm64, r-release-macos-x86_64, r-oldrel-macos-arm64, r-oldrel-macos-x86_64