CRAN Package Check Results for Package myTAI

Last updated on 2021-09-20 09:54:14 CEST.

Flavor Version Tinstall Tcheck Ttotal Status Flags
r-devel-linux-x86_64-debian-clang 0.9.3 35.06 194.47 229.53 OK
r-devel-linux-x86_64-debian-gcc 0.9.3 23.86 150.87 174.73 OK
r-devel-linux-x86_64-fedora-clang 0.9.3 307.60 OK
r-devel-linux-x86_64-fedora-gcc 0.9.3 267.97 OK
r-devel-windows-x86_64 0.9.3 35.00 208.00 243.00 OK
r-devel-windows-x86_64-gcc10-UCRT 0.9.3 ERROR
r-patched-linux-x86_64 0.9.3 28.77 194.36 223.13 OK
r-patched-solaris-x86 0.9.3 376.60 OK
r-release-linux-x86_64 0.9.3 26.79 193.99 220.78 OK
r-release-macos-arm64 0.9.3 OK
r-release-macos-x86_64 0.9.3 OK
r-release-windows-ix86+x86_64 0.9.3 79.00 338.00 417.00 NOTE
r-oldrel-macos-x86_64 0.9.3 OK
r-oldrel-windows-ix86+x86_64 0.9.3 78.00 331.00 409.00 NOTE

Check Details

Version: 0.9.3
Check: package dependencies
Result: ERROR
    Package required but not available: 'taxize'
    
    See section 'The DESCRIPTION file' in the 'Writing R Extensions'
    manual.
Flavor: r-devel-windows-x86_64-gcc10-UCRT

Version: 0.9.3
Check: installed package size
Result: NOTE
     installed size is 5.7Mb
     sub-directories of 1Mb or more:
     data 2.0Mb
     doc 1.1Mb
     libs 2.1Mb
Flavors: r-release-windows-ix86+x86_64, r-oldrel-windows-ix86+x86_64