CRAN Package Check Results for Package nCopula

Last updated on 2019-07-19 01:47:21 CEST.

Flavor Version Tinstall Tcheck Ttotal Status Flags
r-devel-linux-x86_64-debian-clang 0.1.1 7.91 63.74 71.65 OK
r-devel-linux-x86_64-debian-gcc 0.1.1 7.24 53.03 60.27 OK
r-devel-linux-x86_64-fedora-clang 0.1.1 88.77 NOTE
r-devel-linux-x86_64-fedora-gcc 0.1.1 85.51 NOTE
r-devel-windows-ix86+x86_64 0.1.1 22.00 97.00 119.00 OK
r-patched-linux-x86_64 0.1.1 9.13 63.91 73.04 OK
r-patched-solaris-x86 0.1.1 144.00 NOTE
r-release-linux-x86_64 0.1.1 8.58 64.17 72.75 OK
r-release-windows-ix86+x86_64 0.1.1 17.00 66.00 83.00 OK
r-release-osx-x86_64 0.1.1 NOTE
r-oldrel-windows-ix86+x86_64 0.1.1 11.00 90.00 101.00 OK
r-oldrel-osx-x86_64 0.1.1 NOTE

Check Details

Version: 0.1.1
Check: dependencies in R code
Result: NOTE
    Namespaces in Imports field not imported from:
     ‘Deriv’ ‘compiler’ ‘stringi’
     All declared Imports should be used.
Flavors: r-devel-linux-x86_64-fedora-clang, r-devel-linux-x86_64-fedora-gcc, r-patched-solaris-x86, r-release-osx-x86_64, r-oldrel-osx-x86_64