CRAN Package Check Results for Package nCopula

Last updated on 2019-01-23 02:48:31 CET.

Flavor Version Tinstall Tcheck Ttotal Status Flags
r-devel-linux-x86_64-debian-clang 0.1.1 5.30 64.85 70.15 OK
r-devel-linux-x86_64-debian-gcc 0.1.1 5.88 53.63 59.51 OK
r-devel-linux-x86_64-fedora-clang 0.1.1 85.85 NOTE
r-devel-linux-x86_64-fedora-gcc 0.1.1 80.21 NOTE
r-devel-windows-ix86+x86_64 0.1.1 14.00 68.00 82.00 OK
r-patched-linux-x86_64 0.1.1 4.57 62.66 67.23 OK
r-patched-solaris-x86 0.1.1 135.90 NOTE
r-release-linux-x86_64 0.1.1 6.16 61.57 67.73 OK
r-release-windows-ix86+x86_64 0.1.1 9.00 95.00 104.00 OK
r-release-osx-x86_64 0.1.1 NOTE
r-oldrel-windows-ix86+x86_64 0.1.1 11.00 97.00 108.00 OK
r-oldrel-osx-x86_64 0.1.1 NOTE

Check Details

Version: 0.1.1
Check: dependencies in R code
Result: NOTE
    Namespaces in Imports field not imported from:
     ‘Deriv’ ‘compiler’ ‘stringi’
     All declared Imports should be used.
Flavors: r-devel-linux-x86_64-fedora-clang, r-devel-linux-x86_64-fedora-gcc, r-patched-solaris-x86, r-release-osx-x86_64, r-oldrel-osx-x86_64