CRAN Package Check Results for Package nCov2019

Last updated on 2021-10-24 02:48:38 CEST.

Flavor Version Tinstall Tcheck Ttotal Status Flags
r-devel-linux-x86_64-debian-clang 0.4.5 5.42 83.38 88.80 OK
r-devel-linux-x86_64-debian-gcc 0.4.5 4.38 63.88 68.26 OK
r-devel-linux-x86_64-fedora-clang 0.4.5 114.14 NOTE
r-devel-linux-x86_64-fedora-gcc 0.4.5 101.08 OK
r-devel-windows-x86_64 0.4.5 10.00 126.00 136.00 NOTE
r-devel-windows-x86_64-gcc10-UCRT 0.4.5 WARN
r-patched-linux-x86_64 0.4.5 4.13 78.75 82.88 OK
r-patched-solaris-x86 0.4.5 92.60 NOTE
r-release-linux-x86_64 0.4.5 5.16 77.66 82.82 OK
r-release-macos-arm64 0.4.5 NOTE
r-release-macos-x86_64 0.4.5 NOTE
r-release-windows-ix86+x86_64 0.4.5 9.00 123.00 132.00 NOTE
r-oldrel-macos-x86_64 0.4.5 NOTE
r-oldrel-windows-ix86+x86_64 0.4.5 15.00 124.00 139.00 NOTE

Check Details

Version: 0.4.5
Check: installed package size
Result: NOTE
     installed size is 6.4Mb
     sub-directories of 1Mb or more:
     doc 5.4Mb
Flavors: r-devel-linux-x86_64-fedora-clang, r-devel-windows-x86_64, r-patched-solaris-x86, r-release-macos-arm64, r-release-macos-x86_64, r-release-windows-ix86+x86_64, r-oldrel-macos-x86_64, r-oldrel-windows-ix86+x86_64

Version: 0.4.5
Check: re-building of vignette outputs
Result: WARN
    Error(s) in re-building vignettes:
    --- re-building 'nCov2019.Rmd' using rmarkdown
    Quitting from lines 41-43 (nCov2019.Rmd)
    Error: processing vignette 'nCov2019.Rmd' failed with diagnostics:
    parse error: premature EOF
    
     (right here) ------^
    
    --- failed re-building 'nCov2019.Rmd'
    
    SUMMARY: processing the following file failed:
     'nCov2019.Rmd'
    
    Error: Vignette re-building failed.
    Execution halted
Flavor: r-devel-windows-x86_64-gcc10-UCRT