CRAN Package Check Results for Package nJira

Last updated on 2022-09-26 23:10:39 CEST.

Flavor Version Tinstall Tcheck Ttotal Status Flags
r-devel-linux-x86_64-debian-clang 0.1.1 3.98 34.10 38.08 NOTE
r-devel-linux-x86_64-debian-gcc 0.1.1 2.92 26.47 29.39 NOTE
r-devel-linux-x86_64-fedora-clang 0.1.1 57.64 NOTE
r-devel-linux-x86_64-fedora-gcc 0.1.1 58.21 NOTE
r-devel-windows-x86_64 0.1.1 10.00 60.00 70.00 NOTE
r-patched-linux-x86_64 0.1.1 3.16 32.92 36.08 NOTE
r-release-linux-x86_64 0.1.1 2.81 32.90 35.71 NOTE
r-release-macos-arm64 0.1.1 23.00 NOTE
r-release-macos-x86_64 0.1.1 33.00 NOTE
r-release-windows-x86_64 0.1.1 10.00 64.00 74.00 NOTE
r-oldrel-macos-arm64 0.1.1 31.00 NOTE
r-oldrel-macos-x86_64 0.1.1 37.00 NOTE
r-oldrel-windows-ix86+x86_64 0.1.1 9.00 63.00 72.00 NOTE

Check Details

Version: 0.1.1
Check: LazyData
Result: NOTE
     'LazyData' is specified without a 'data' directory
Flavors: r-devel-linux-x86_64-debian-clang, r-devel-linux-x86_64-debian-gcc, r-devel-linux-x86_64-fedora-clang, r-devel-linux-x86_64-fedora-gcc, r-devel-windows-x86_64, r-patched-linux-x86_64, r-release-linux-x86_64, r-release-macos-arm64, r-release-macos-x86_64, r-release-windows-x86_64, r-oldrel-macos-arm64, r-oldrel-macos-x86_64, r-oldrel-windows-ix86+x86_64

Version: 0.1.1
Check: dependencies in R code
Result: NOTE
    Namespace in Imports field not imported from: ‘rjson’
     All declared Imports should be used.
Flavors: r-devel-linux-x86_64-fedora-clang, r-devel-linux-x86_64-fedora-gcc, r-release-macos-arm64, r-release-macos-x86_64, r-oldrel-macos-arm64, r-oldrel-macos-x86_64