CRAN Package Check Results for Package nJira

Last updated on 2023-10-02 19:11:15 CEST.

Flavor Version Tinstall Tcheck Ttotal Status Flags
r-devel-linux-x86_64-debian-clang 0.1.1 4.28 33.77 38.05 NOTE
r-devel-linux-x86_64-debian-gcc 0.1.1 3.11 26.03 29.14 NOTE
r-devel-linux-x86_64-fedora-clang 0.1.1 45.98 NOTE
r-devel-linux-x86_64-fedora-gcc 0.1.1 45.36 NOTE
r-devel-windows-x86_64 0.1.1 4.00 47.00 51.00 NOTE
r-patched-linux-x86_64 0.1.1 4.12 32.73 36.85 NOTE
r-release-linux-x86_64 0.1.1 3.12 32.57 35.69 NOTE
r-release-macos-arm64 0.1.1 24.00 NOTE
r-release-macos-x86_64 0.1.1 33.00 NOTE
r-release-windows-x86_64 0.1.1 6.00 58.00 64.00 NOTE
r-oldrel-macos-arm64 0.1.1 23.00 NOTE
r-oldrel-macos-x86_64 0.1.1 33.00 NOTE
r-oldrel-windows-x86_64 0.1.1 6.00 60.00 66.00 NOTE

Check Details

Version: 0.1.1
Check: LazyData
Result: NOTE
     'LazyData' is specified without a 'data' directory
Flavors: r-devel-linux-x86_64-debian-clang, r-devel-linux-x86_64-debian-gcc, r-devel-linux-x86_64-fedora-clang, r-devel-linux-x86_64-fedora-gcc, r-devel-windows-x86_64, r-patched-linux-x86_64, r-release-linux-x86_64, r-release-macos-arm64, r-release-macos-x86_64, r-release-windows-x86_64, r-oldrel-macos-arm64, r-oldrel-macos-x86_64, r-oldrel-windows-x86_64

Version: 0.1.1
Check: dependencies in R code
Result: NOTE
    Namespace in Imports field not imported from: ‘rjson’
     All declared Imports should be used.
Flavors: r-devel-linux-x86_64-fedora-clang, r-devel-linux-x86_64-fedora-gcc, r-oldrel-macos-arm64, r-oldrel-macos-x86_64