CRAN Package Check Results for Package nJira

Last updated on 2020-10-25 20:47:59 CET.

Flavor Version Tinstall Tcheck Ttotal Status Flags
r-devel-linux-x86_64-debian-clang 0.1.1 2.99 30.60 33.59 OK
r-devel-linux-x86_64-debian-gcc 0.1.1 3.02 23.66 26.68 OK
r-devel-linux-x86_64-fedora-clang 0.1.1 49.02 NOTE
r-devel-linux-x86_64-fedora-gcc 0.1.1 39.32 NOTE
r-devel-windows-ix86+x86_64 0.1.1 9.00 51.00 60.00 OK
r-patched-linux-x86_64 0.1.1 3.91 28.80 32.71 OK
r-patched-solaris-x86 0.1.1 59.70 NOTE
r-release-linux-x86_64 0.1.1 3.65 28.55 32.20 OK
r-release-macos-x86_64 0.1.1 NOTE
r-release-windows-ix86+x86_64 0.1.1 6.00 36.00 42.00 OK
r-oldrel-macos-x86_64 0.1.1 NOTE
r-oldrel-windows-ix86+x86_64 0.1.1 6.00 42.00 48.00 OK

Check Details

Version: 0.1.1
Check: dependencies in R code
Result: NOTE
    Namespace in Imports field not imported from: ‘rjson’
     All declared Imports should be used.
Flavors: r-devel-linux-x86_64-fedora-clang, r-devel-linux-x86_64-fedora-gcc, r-patched-solaris-x86, r-release-macos-x86_64, r-oldrel-macos-x86_64