CRAN Package Check Results for Package nLTT

Last updated on 2021-10-23 06:13:17 CEST.

Flavor Version Tinstall Tcheck Ttotal Status Flags
r-devel-linux-x86_64-debian-clang 1.4.3 2.77 79.14 81.91 OK
r-devel-linux-x86_64-debian-gcc 1.4.3 2.60 56.16 58.76 OK
r-devel-linux-x86_64-fedora-clang 1.4.3 105.48 NOTE
r-devel-linux-x86_64-fedora-gcc 1.4.3 94.52 NOTE
r-devel-windows-x86_64 1.4.3 5.00 116.00 121.00 OK
r-devel-windows-x86_64-gcc10-UCRT 1.4.3 NOTE
r-patched-linux-x86_64 1.4.3 3.38 80.41 83.79 OK
r-patched-solaris-x86 1.4.3 83.60 NOTE
r-release-linux-x86_64 1.4.3 2.95 81.23 84.18 OK
r-release-macos-arm64 1.4.3 NOTE
r-release-macos-x86_64 1.4.3 NOTE
r-release-windows-ix86+x86_64 1.4.3 5.00 112.00 117.00 OK
r-oldrel-macos-x86_64 1.4.3 NOTE
r-oldrel-windows-ix86+x86_64 1.4.3 7.00 114.00 121.00 OK

Check Details

Version: 1.4.3
Check: dependencies in R code
Result: NOTE
    Namespace in Imports field not imported from: ‘deSolve’
     All declared Imports should be used.
Flavors: r-devel-linux-x86_64-fedora-clang, r-devel-linux-x86_64-fedora-gcc, r-devel-windows-x86_64-gcc10-UCRT, r-patched-solaris-x86, r-release-macos-arm64, r-release-macos-x86_64, r-oldrel-macos-x86_64