CRAN Package Check Results for Package naaccr

Last updated on 2021-01-18 21:49:23 CET.

Flavor Version Tinstall Tcheck Ttotal Status Flags
r-devel-linux-x86_64-debian-clang 1.0.0 4.17 118.86 123.03 OK
r-devel-linux-x86_64-debian-gcc 1.0.0 3.34 86.40 89.74 OK
r-devel-linux-x86_64-fedora-clang 1.0.0 114.17 NOTE
r-devel-linux-x86_64-fedora-gcc 1.0.0 97.68 NOTE
r-devel-windows-ix86+x86_64 1.0.0 7.00 74.00 81.00 OK
r-patched-linux-x86_64 1.0.0 4.14 91.05 95.19 OK
r-patched-solaris-x86 1.0.0 115.80 NOTE
r-release-linux-x86_64 1.0.0 4.08 90.43 94.51 OK
r-release-macos-x86_64 1.0.0 NOTE
r-release-windows-ix86+x86_64 1.0.0 7.00 74.00 81.00 OK
r-oldrel-macos-x86_64 1.0.0 NOTE
r-oldrel-windows-ix86+x86_64 1.0.0 5.00 81.00 86.00 OK

Check Details

Version: 1.0.0
Check: data for non-ASCII characters
Result: NOTE
     Note: found 50 marked UTF-8 strings
Flavors: r-devel-linux-x86_64-fedora-clang, r-devel-linux-x86_64-fedora-gcc, r-patched-solaris-x86, r-release-macos-x86_64, r-oldrel-macos-x86_64