Last updated on 2023-03-31 10:51:24 CEST.
Flavor | Version | Tinstall | Tcheck | Ttotal | Status | Flags |
---|---|---|---|---|---|---|
r-devel-linux-x86_64-debian-clang | 2020.4.1 | 1.87 | 29.33 | 31.20 | NOTE | |
r-devel-linux-x86_64-debian-gcc | 2020.4.1 | 1.65 | 22.99 | 24.64 | NOTE | |
r-devel-linux-x86_64-fedora-clang | 2020.4.1 | 41.96 | NOTE | |||
r-devel-linux-x86_64-fedora-gcc | 2020.4.1 | 57.56 | NOTE | |||
r-devel-windows-x86_64 | 2020.4.1 | 50.00 | 0.00 | 50.00 | NOTE | |
r-patched-linux-x86_64 | 2020.4.1 | 2.19 | 28.15 | 30.34 | NOTE | |
r-release-linux-x86_64 | 2020.4.1 | 2.15 | 29.52 | 31.67 | NOTE | |
r-release-macos-arm64 | 2020.4.1 | 17.00 | NOTE | |||
r-release-macos-x86_64 | 2020.4.1 | 27.00 | NOTE | |||
r-release-windows-x86_64 | 2020.4.1 | 34.00 | 65.00 | 99.00 | NOTE | |
r-oldrel-macos-arm64 | 2020.4.1 | 26.00 | NOTE | |||
r-oldrel-macos-x86_64 | 2020.4.1 | 38.00 | NOTE | |||
r-oldrel-windows-ix86+x86_64 | 2020.4.1 | 6.00 | 62.00 | 68.00 | OK |
Version: 2020.4.1
Check: package dependencies
Result: NOTE
Package suggested but not available for checking: ‘re2r’
Flavors: r-devel-linux-x86_64-debian-clang, r-devel-linux-x86_64-debian-gcc, r-devel-linux-x86_64-fedora-clang, r-devel-linux-x86_64-fedora-gcc, r-devel-windows-x86_64, r-patched-linux-x86_64, r-release-linux-x86_64, r-release-macos-arm64, r-release-macos-x86_64, r-release-windows-x86_64, r-oldrel-macos-arm64, r-oldrel-macos-x86_64