CRAN Package Check Results for Package namespace

Last updated on 2021-06-13 03:48:16 CEST.

Flavor Version Tinstall Tcheck Ttotal Status Flags
r-devel-linux-x86_64-debian-clang 0.9.1 2.41 19.83 22.24 NOTE
r-devel-linux-x86_64-debian-gcc 0.9.1 1.79 16.05 17.84 NOTE
r-devel-linux-x86_64-fedora-clang 0.9.1 36.67 NOTE
r-devel-linux-x86_64-fedora-gcc 0.9.1 26.56 NOTE
r-devel-windows-x86_64 0.9.1 5.00 28.00 33.00 NOTE
r-devel-windows-x86_64-gcc10-UCRT 0.9.1 NOTE
r-patched-linux-x86_64 0.9.1 2.14 19.42 21.56 NOTE
r-patched-solaris-x86 0.9.1 41.70 NOTE
r-release-linux-x86_64 0.9.1 2.20 19.67 21.87 NOTE
r-release-macos-arm64 0.9.1 NOTE
r-release-macos-x86_64 0.9.1 NOTE
r-release-windows-ix86+x86_64 0.9.1 6.00 30.00 36.00 NOTE
r-oldrel-macos-x86_64 0.9.1 NOTE
r-oldrel-windows-ix86+x86_64 0.9.1 6.00 30.00 36.00 NOTE

Check Details

Version: 0.9.1
Check: DESCRIPTION meta-information
Result: NOTE
    Malformed Description field: should contain one or more complete sentences.
Flavors: r-devel-linux-x86_64-debian-clang, r-devel-linux-x86_64-debian-gcc, r-devel-linux-x86_64-fedora-clang, r-devel-linux-x86_64-fedora-gcc, r-devel-windows-x86_64, r-devel-windows-x86_64-gcc10-UCRT, r-patched-linux-x86_64, r-patched-solaris-x86, r-release-linux-x86_64, r-release-macos-arm64, r-release-macos-x86_64, r-release-windows-ix86+x86_64, r-oldrel-macos-x86_64, r-oldrel-windows-ix86+x86_64

Version: 0.9.1
Check: compiled code
Result: NOTE
    File ‘namespace/libs/namespace.so’:
     Found no calls to: ‘R_registerRoutines’, ‘R_useDynamicSymbols’
    
    It is good practice to register native routines and to disable symbol
    search.
    
    See ‘Writing portable packages’ in the ‘Writing R Extensions’ manual.
Flavors: r-devel-linux-x86_64-fedora-clang, r-devel-linux-x86_64-fedora-gcc