CRAN Package Check Results for Package nametagger

Last updated on 2020-12-05 22:52:51 CET.

Flavor Version Tinstall Tcheck Ttotal Status Flags
r-devel-linux-x86_64-debian-clang 0.1.1 1126.77 49.66 1176.43 OK
r-devel-linux-x86_64-debian-gcc 0.1.1 657.38 38.28 695.66 OK
r-devel-linux-x86_64-fedora-clang 0.1.1 1772.32 NOTE
r-devel-linux-x86_64-fedora-gcc 0.1.1 1410.66 NOTE
r-devel-windows-ix86+x86_64 0.1.1 2369.00 114.00 2483.00 NOTE
r-patched-linux-x86_64 0.1.1 809.68 48.51 858.19 OK
r-patched-solaris-x86 0.1.1 1029.10 NOTE
r-release-linux-x86_64 0.1.1 829.08 48.28 877.36 OK
r-release-macos-x86_64 0.1.1 NOTE
r-release-windows-ix86+x86_64 0.1.1 2344.00 86.00 2430.00 NOTE
r-oldrel-macos-x86_64 0.1.1 NOTE
r-oldrel-windows-ix86+x86_64 0.1.1 2243.00 115.00 2358.00 NOTE

Check Details

Version: 0.1.1
Check: installed package size
Result: NOTE
     installed size is 30.3Mb
     sub-directories of 1Mb or more:
     data 1.9Mb
     libs 27.2Mb
     models 1.1Mb
Flavors: r-devel-linux-x86_64-fedora-clang, r-devel-windows-ix86+x86_64, r-patched-solaris-x86, r-release-macos-x86_64, r-release-windows-ix86+x86_64, r-oldrel-macos-x86_64, r-oldrel-windows-ix86+x86_64

Version: 0.1.1
Check: data for non-ASCII characters
Result: NOTE
     Note: found 47936 marked UTF-8 strings
Flavors: r-devel-linux-x86_64-fedora-clang, r-devel-linux-x86_64-fedora-gcc, r-patched-solaris-x86, r-release-macos-x86_64, r-oldrel-macos-x86_64