Last updated on 2021-02-25 08:48:05 CET.
Flavor | Version | Tinstall | Tcheck | Ttotal | Status | Flags |
---|---|---|---|---|---|---|
r-devel-linux-x86_64-debian-clang | 0.1.8 | 13.95 | 136.80 | 150.75 | OK | |
r-devel-linux-x86_64-debian-gcc | 0.1.8 | 11.67 | 102.02 | 113.69 | OK | |
r-devel-linux-x86_64-fedora-clang | 0.1.8 | 185.36 | NOTE | |||
r-devel-linux-x86_64-fedora-gcc | 0.1.8 | 178.01 | NOTE | |||
r-devel-windows-ix86+x86_64 | 0.1.8 | 24.00 | 121.00 | 145.00 | OK | |
r-patched-linux-x86_64 | 0.1.8 | 12.65 | 129.24 | 141.89 | OK | |
r-patched-solaris-x86 | 0.1.8 | 249.70 | NOTE | |||
r-release-linux-x86_64 | 0.1.8 | 13.39 | 130.49 | 143.88 | OK | |
r-release-macos-x86_64 | 0.1.8 | NOTE | ||||
r-release-windows-ix86+x86_64 | 0.1.8 | 35.00 | 169.00 | 204.00 | OK | |
r-oldrel-macos-x86_64 | 0.1.8 | NOTE | ||||
r-oldrel-windows-ix86+x86_64 | 0.1.8 | 21.00 | 157.00 | 178.00 | OK |
Version: 0.1.8
Check: dependencies in R code
Result: NOTE
Namespaces in Imports field not imported from:
‘knitr’ ‘lifecycle’ ‘lme4’ ‘methods’
All declared Imports should be used.
Flavors: r-devel-linux-x86_64-fedora-clang, r-devel-linux-x86_64-fedora-gcc, r-patched-solaris-x86, r-release-macos-x86_64, r-oldrel-macos-x86_64