CRAN Package Check Results for Package nanotime

Last updated on 2021-09-23 16:50:32 CEST.

Flavor Version Tinstall Tcheck Ttotal Status Flags
r-devel-linux-x86_64-debian-clang 0.3.3 88.26 71.05 159.31 OK
r-devel-linux-x86_64-debian-gcc 0.3.3 52.79 54.02 106.81 OK
r-devel-linux-x86_64-fedora-clang 0.3.3 209.02 NOTE
r-devel-linux-x86_64-fedora-gcc 0.3.3 188.98 OK
r-devel-windows-x86_64 0.3.3 70.00 80.00 150.00 OK
r-devel-windows-x86_64-gcc10-UCRT 0.3.3 OK
r-patched-linux-x86_64 0.3.3 66.50 67.78 134.28 OK
r-patched-solaris-x86 0.3.3 199.30 OK
r-release-linux-x86_64 0.3.3 65.67 68.13 133.80 OK
r-release-macos-arm64 0.3.3 NOTE
r-release-macos-x86_64 0.3.3 NOTE
r-release-windows-ix86+x86_64 0.3.3 176.00 113.00 289.00 OK
r-oldrel-macos-x86_64 0.3.3 NOTE
r-oldrel-windows-ix86+x86_64 0.3.3 127.00 111.00 238.00 OK

Check Details

Version: 0.3.3
Check: installed package size
Result: NOTE
     installed size is 5.3Mb
     sub-directories of 1Mb or more:
     libs 4.2Mb
Flavors: r-devel-linux-x86_64-fedora-clang, r-release-macos-arm64, r-release-macos-x86_64, r-oldrel-macos-x86_64