Last updated on 2022-08-14 14:49:35 CEST.
Flavor | Version | Tinstall | Tcheck | Ttotal | Status | Flags |
---|---|---|---|---|---|---|
r-devel-linux-x86_64-debian-clang | 0.3.6 | 72.58 | 80.95 | 153.53 | OK | |
r-devel-linux-x86_64-debian-gcc | 0.3.6 | 60.36 | 60.47 | 120.83 | OK | |
r-devel-linux-x86_64-fedora-clang | 0.3.6 | 235.77 | OK | |||
r-devel-linux-x86_64-fedora-gcc | 0.3.6 | 211.04 | OK | |||
r-devel-windows-x86_64 | 0.3.6 | 132.00 | 132.00 | 264.00 | OK | |
r-patched-linux-x86_64 | 0.3.6 | 70.25 | 76.67 | 146.92 | OK | |
r-release-linux-x86_64 | 0.3.6 | 68.35 | 75.96 | 144.31 | OK | |
r-release-macos-arm64 | 0.3.6 | 61.00 | OK | |||
r-release-macos-x86_64 | 0.3.6 | 75.00 | OK | |||
r-release-windows-x86_64 | 0.3.6 | 117.00 | 133.00 | 250.00 | OK | |
r-oldrel-macos-arm64 | 0.3.6 | 53.00 | NOTE | |||
r-oldrel-macos-x86_64 | 0.3.6 | 70.00 | OK | |||
r-oldrel-windows-ix86+x86_64 | 0.3.6 | 181.00 | 149.00 | 330.00 | OK |
Version: 0.3.6
Check: installed package size
Result: NOTE
installed size is 5.9Mb
sub-directories of 1Mb or more:
libs 4.9Mb
Flavor: r-oldrel-macos-arm64