CRAN Package Check Results for Package naspaclust

Last updated on 2021-10-15 22:54:22 CEST.

Flavor Version Tinstall Tcheck Ttotal Status Flags
r-devel-linux-x86_64-debian-clang 0.2.1 6.40 57.93 64.33 NOTE
r-devel-linux-x86_64-debian-gcc 0.2.1 4.27 42.01 46.28 NOTE
r-devel-linux-x86_64-fedora-clang 0.2.1 88.26 NOTE
r-devel-linux-x86_64-fedora-gcc 0.2.1 75.70 NOTE
r-devel-windows-x86_64 0.2.1 9.00 63.00 72.00 OK
r-devel-windows-x86_64-gcc10-UCRT 0.2.1 NOTE
r-patched-linux-x86_64 0.2.1 7.54 55.99 63.53 NOTE
r-patched-solaris-x86 0.2.1 116.30 NOTE
r-release-linux-x86_64 0.2.1 6.70 55.67 62.37 NOTE
r-release-macos-arm64 0.2.1 NOTE
r-release-macos-x86_64 0.2.1 NOTE
r-release-windows-ix86+x86_64 0.2.1 12.00 77.00 89.00 OK
r-oldrel-macos-x86_64 0.2.1 NOTE
r-oldrel-windows-ix86+x86_64 0.2.1 13.00 86.00 99.00 OK

Check Details

Version: 0.2.1
Check: package dependencies
Result: NOTE
    Package suggested but not available for checking: 'spatialClust'
Flavors: r-devel-linux-x86_64-debian-clang, r-devel-linux-x86_64-debian-gcc, r-devel-linux-x86_64-fedora-clang, r-devel-linux-x86_64-fedora-gcc, r-devel-windows-x86_64-gcc10-UCRT, r-patched-linux-x86_64, r-patched-solaris-x86, r-release-linux-x86_64

Version: 0.2.1
Check: dependencies in R code
Result: NOTE
    Namespace in Imports field not imported from: ‘Rdpack’
     All declared Imports should be used.
Flavors: r-devel-linux-x86_64-fedora-clang, r-devel-linux-x86_64-fedora-gcc, r-devel-windows-x86_64-gcc10-UCRT, r-patched-solaris-x86, r-release-macos-arm64, r-release-macos-x86_64, r-oldrel-macos-x86_64