CRAN Package Check Results for Package naspaclust

Last updated on 2021-08-04 01:50:42 CEST.

Flavor Version Tinstall Tcheck Ttotal Status Flags
r-devel-linux-x86_64-debian-clang 0.2.1 6.17 59.79 65.96 NOTE
r-devel-linux-x86_64-debian-gcc 0.2.1 5.16 43.29 48.45 NOTE
r-devel-linux-x86_64-fedora-clang 0.2.1 87.57 NOTE
r-devel-linux-x86_64-fedora-gcc 0.2.1 76.34 NOTE
r-devel-windows-x86_64 0.2.1 7.00 79.00 86.00 OK
r-devel-windows-x86_64-gcc10-UCRT 0.2.1 NOTE
r-patched-linux-x86_64 0.2.1 7.72 56.69 64.41 NOTE
r-patched-solaris-x86 0.2.1 106.30 NOTE
r-release-linux-x86_64 0.2.1 4.95 56.13 61.08 NOTE
r-release-macos-arm64 0.2.1 NOTE
r-release-macos-x86_64 0.2.1 NOTE
r-release-windows-ix86+x86_64 0.2.1 11.00 59.00 70.00 OK
r-oldrel-macos-x86_64 0.2.1 NOTE
r-oldrel-windows-ix86+x86_64 0.2.1 10.00 75.00 85.00 OK

Check Details

Version: 0.2.1
Check: package dependencies
Result: NOTE
    Package suggested but not available for checking: 'spatialClust'
Flavors: r-devel-linux-x86_64-debian-clang, r-devel-linux-x86_64-debian-gcc, r-devel-linux-x86_64-fedora-clang, r-devel-linux-x86_64-fedora-gcc, r-devel-windows-x86_64-gcc10-UCRT, r-patched-linux-x86_64, r-patched-solaris-x86, r-release-linux-x86_64

Version: 0.2.1
Check: dependencies in R code
Result: NOTE
    Namespace in Imports field not imported from: ‘Rdpack’
     All declared Imports should be used.
Flavors: r-devel-linux-x86_64-fedora-clang, r-devel-linux-x86_64-fedora-gcc, r-devel-windows-x86_64-gcc10-UCRT, r-patched-solaris-x86, r-release-macos-arm64, r-release-macos-x86_64, r-oldrel-macos-x86_64