CRAN Package Check Results for Package naturaList

Last updated on 2021-10-23 19:52:14 CEST.

Flavor Version Tinstall Tcheck Ttotal Status Flags
r-devel-linux-x86_64-debian-clang 0.4.2 4.41 116.01 120.42 OK
r-devel-linux-x86_64-debian-gcc 0.4.2 3.79 87.26 91.05 OK
r-devel-linux-x86_64-fedora-clang 0.4.2 158.66 NOTE
r-devel-linux-x86_64-fedora-gcc 0.4.2 139.57 NOTE
r-devel-windows-x86_64 0.4.2 7.00 162.00 169.00 OK
r-devel-windows-x86_64-gcc10-UCRT 0.4.2 NOTE
r-patched-linux-x86_64 0.4.2 4.40 113.94 118.34 OK
r-patched-solaris-x86 0.4.2 208.20 NOTE
r-release-linux-x86_64 0.4.2 4.42 113.48 117.90 OK
r-release-macos-arm64 0.4.1 NOTE
r-release-macos-x86_64 0.4.2 NOTE
r-release-windows-ix86+x86_64 0.4.2 9.00 110.00 119.00 OK
r-oldrel-macos-x86_64 0.4.2 NOTE
r-oldrel-windows-ix86+x86_64 0.4.2 8.00 120.00 128.00 OK

Check Details

Version: 0.4.2
Check: data for non-ASCII characters
Result: NOTE
     Note: found 5 marked Latin-1 strings
     Note: found 7187 marked UTF-8 strings
Flavors: r-devel-linux-x86_64-fedora-clang, r-devel-linux-x86_64-fedora-gcc, r-devel-windows-x86_64-gcc10-UCRT, r-patched-solaris-x86, r-release-macos-x86_64, r-oldrel-macos-x86_64

Version: 0.4.1
Check: data for non-ASCII characters
Result: NOTE
     Note: found 3 marked Latin-1 strings
     Note: found 7187 marked UTF-8 strings
Flavor: r-release-macos-arm64