CRAN Package Check Results for Package nbconvertR

Last updated on 2021-09-21 19:49:28 CEST.

Flavor Version Tinstall Tcheck Ttotal Status Flags
r-devel-linux-x86_64-debian-clang 1.3.2 1.89 32.96 34.85 OK
r-devel-linux-x86_64-debian-gcc 1.3.2 1.43 25.56 26.99 OK
r-devel-linux-x86_64-fedora-clang 1.3.2 55.00 OK
r-devel-linux-x86_64-fedora-gcc 1.3.2 44.13 OK
r-devel-windows-x86_64 1.3.2 4.00 44.00 48.00 OK
r-devel-windows-x86_64-gcc10-UCRT 1.3.2 ERROR
r-patched-linux-x86_64 1.3.2 1.68 31.33 33.01 OK
r-patched-solaris-x86 1.3.2 43.00 OK --no-vignettes
r-release-linux-x86_64 1.3.2 1.85 31.51 33.36 OK
r-release-macos-arm64 1.3.2 OK
r-release-macos-x86_64 1.3.2 OK
r-release-windows-ix86+x86_64 1.3.2 5.00 47.00 52.00 OK
r-oldrel-macos-x86_64 1.3.2 OK
r-oldrel-windows-ix86+x86_64 1.3.2 4.00 45.00 49.00 OK

Check Details

Version: 1.3.2
Check: whether package can be installed
Result: WARN
    Found the following significant warnings:
     WARNING: installation-time patches will not be applied, could not get the patches index
Flavor: r-devel-windows-x86_64-gcc10-UCRT

Version: 1.3.2
Check: PDF version of manual
Result: WARN
    LaTeX errors when creating PDF version.
    This typically indicates Rd problems.
Flavor: r-devel-windows-x86_64-gcc10-UCRT

Version: 1.3.2
Check: PDF version of manual without hyperrefs or index
Result: ERROR
    Re-running with no redirection of stdout/stderr.
Flavor: r-devel-windows-x86_64-gcc10-UCRT