Last updated on 2023-03-31 10:51:24 CEST.
Flavor | Version | Tinstall | Tcheck | Ttotal | Status | Flags |
---|---|---|---|---|---|---|
r-devel-linux-x86_64-debian-clang | 2020.8.6 | 3.21 | 78.70 | 81.91 | NOTE | |
r-devel-linux-x86_64-debian-gcc | 2020.8.6 | 2.21 | 52.95 | 55.16 | NOTE | |
r-devel-linux-x86_64-fedora-clang | 2020.8.6 | 94.96 | NOTE | |||
r-devel-linux-x86_64-fedora-gcc | 2020.8.6 | 96.27 | NOTE | |||
r-devel-windows-x86_64 | 2020.8.6 | 21.00 | 0.00 | 21.00 | NOTE | |
r-patched-linux-x86_64 | 2020.8.6 | 2.90 | 65.57 | 68.47 | NOTE | |
r-release-linux-x86_64 | 2020.8.6 | 3.39 | 67.87 | 71.26 | NOTE | |
r-release-macos-arm64 | 2020.8.6 | 28.00 | NOTE | |||
r-release-macos-x86_64 | 2020.8.6 | 43.00 | NOTE | |||
r-release-windows-x86_64 | 2020.8.6 | 24.00 | 134.00 | 158.00 | NOTE | |
r-oldrel-macos-arm64 | 2020.8.6 | 44.00 | NOTE | |||
r-oldrel-macos-x86_64 | 2020.8.6 | 61.00 | NOTE | |||
r-oldrel-windows-ix86+x86_64 | 2020.8.6 | 7.00 | 100.00 | 107.00 | OK |
Version: 2020.8.6
Check: package dependencies
Result: NOTE
Package suggested but not available for checking: ‘re2r’
Flavors: r-devel-linux-x86_64-debian-clang, r-devel-linux-x86_64-debian-gcc, r-devel-linux-x86_64-fedora-clang, r-devel-linux-x86_64-fedora-gcc, r-devel-windows-x86_64, r-patched-linux-x86_64, r-release-linux-x86_64, r-release-macos-arm64, r-release-macos-x86_64, r-release-windows-x86_64, r-oldrel-macos-arm64, r-oldrel-macos-x86_64