CRAN Package Check Results for Package nc

Last updated on 2020-03-30 08:50:45 CEST.

Flavor Version Tinstall Tcheck Ttotal Status Flags
r-devel-linux-x86_64-debian-clang 2020.3.23 3.11 75.11 78.22 NOTE
r-devel-linux-x86_64-debian-gcc 2020.3.23 2.42 56.55 58.97 NOTE
r-devel-linux-x86_64-fedora-clang 2020.3.23 82.41 NOTE
r-devel-linux-x86_64-fedora-gcc 2020.3.23 76.97 NOTE
r-devel-windows-ix86+x86_64 2020.2.27 9.00 77.00 86.00 OK
r-devel-windows-ix86+x86_64-gcc8 2020.3.23 8.00 78.00 86.00 OK
r-patched-linux-x86_64 2020.3.23 2.97 64.66 67.63 NOTE
r-patched-solaris-x86 2020.3.23 109.50 NOTE
r-release-linux-x86_64 2020.3.23 2.34 63.13 65.47 NOTE
r-release-windows-ix86+x86_64 2020.2.27 8.00 118.00 126.00 OK
r-release-osx-x86_64 2020.3.23 OK
r-oldrel-windows-ix86+x86_64 2020.2.27 8.00 104.00 112.00 OK
r-oldrel-osx-x86_64 2020.2.27 OK

Check Details

Version: 2020.3.23
Check: package dependencies
Result: NOTE
    Package suggested but not available for checking: 're2r'
Flavors: r-devel-linux-x86_64-debian-clang, r-devel-linux-x86_64-debian-gcc, r-devel-linux-x86_64-fedora-clang, r-devel-linux-x86_64-fedora-gcc, r-patched-linux-x86_64, r-patched-solaris-x86, r-release-linux-x86_64