Last updated on 2022-06-25 12:54:29 CEST.
Flavor | Version | Tinstall | Tcheck | Ttotal | Status | Flags |
---|---|---|---|---|---|---|
r-devel-linux-x86_64-debian-clang | 2013.03.29 | 3.00 | 48.58 | 51.58 | NOTE | |
r-devel-linux-x86_64-debian-gcc | 2013.03.29 | 2.34 | 39.54 | 41.88 | NOTE | |
r-devel-linux-x86_64-fedora-clang | 2013.03.29.1 | 72.01 | NOTE | |||
r-devel-linux-x86_64-fedora-gcc | 2013.03.29.1 | 71.07 | OK | |||
r-devel-windows-x86_64 | 2013.03.29 | 9.00 | 72.00 | 81.00 | NOTE | |
r-patched-linux-x86_64 | 2013.03.29 | 2.82 | 48.15 | 50.97 | NOTE | |
r-release-linux-x86_64 | 2013.03.29 | 2.51 | 47.79 | 50.30 | NOTE | |
r-release-macos-arm64 | 2013.03.29.1 | 23.00 | NOTE | |||
r-release-macos-x86_64 | 2013.03.29 | 33.00 | NOTE | |||
r-release-windows-x86_64 | 2013.03.29 | 5.00 | 69.00 | 74.00 | NOTE | |
r-oldrel-macos-arm64 | 2013.03.29.1 | 22.00 | NOTE | |||
r-oldrel-macos-x86_64 | 2013.03.29 | 52.00 | NOTE | |||
r-oldrel-windows-ix86+x86_64 | 2013.03.29 | 6.00 | 49.00 | 55.00 | NOTE |
Version: 2013.03.29
Check: DESCRIPTION meta-information
Result: NOTE
Malformed Description field: should contain one or more complete sentences.
Flavors: r-devel-linux-x86_64-debian-clang, r-devel-linux-x86_64-debian-gcc, r-devel-windows-x86_64, r-patched-linux-x86_64, r-release-linux-x86_64, r-release-macos-x86_64, r-release-windows-x86_64, r-oldrel-macos-x86_64, r-oldrel-windows-ix86+x86_64
Version: 2013.03.29
Check: R code for possible problems
Result: NOTE
ncbit : FUN: no visible global function definition for 'read.table'
ncbit : FUN: no visible global function definition for 'head'
Undefined global functions or variables:
head read.table
Consider adding
importFrom("utils", "head", "read.table")
to your NAMESPACE file.
Flavors: r-devel-linux-x86_64-debian-clang, r-devel-linux-x86_64-debian-gcc, r-devel-windows-x86_64, r-patched-linux-x86_64, r-release-linux-x86_64, r-release-macos-x86_64, r-release-windows-x86_64, r-oldrel-macos-x86_64, r-oldrel-windows-ix86+x86_64
Version: 2013.03.29.1
Check: installed package size
Result: NOTE
installed size is 9.5Mb
sub-directories of 1Mb or more:
data 9.4Mb
Flavors: r-devel-linux-x86_64-fedora-clang, r-release-macos-arm64, r-oldrel-macos-arm64
Version: 2013.03.29
Check: installed package size
Result: NOTE
installed size is 9.5Mb
sub-directories of 1Mb or more:
data 9.4Mb
Flavors: r-devel-windows-x86_64, r-release-macos-x86_64, r-release-windows-x86_64, r-oldrel-macos-x86_64, r-oldrel-windows-ix86+x86_64