CRAN Package Check Results for Package ncbit

Last updated on 2020-09-19 08:50:05 CEST.

Flavor Version Tinstall Tcheck Ttotal Status Flags
r-devel-linux-x86_64-debian-clang 2013.03.29 2.66 45.96 48.62 NOTE
r-devel-linux-x86_64-debian-gcc 2013.03.29 2.18 37.28 39.46 NOTE
r-devel-linux-x86_64-fedora-clang 2013.03.29 68.13 NOTE
r-devel-linux-x86_64-fedora-gcc 2013.03.29 58.22 NOTE
r-devel-windows-ix86+x86_64 2013.03.29 5.00 61.00 66.00 NOTE
r-patched-linux-x86_64 2013.03.29 2.49 45.21 47.70 NOTE
r-patched-solaris-x86 2013.03.29 101.50 NOTE
r-release-linux-x86_64 2013.03.29 2.73 45.15 47.88 NOTE
r-release-macos-x86_64 2013.03.29 NOTE
r-release-windows-ix86+x86_64 2013.03.29 6.00 64.00 70.00 NOTE
r-oldrel-macos-x86_64 2013.03.29 NOTE
r-oldrel-windows-ix86+x86_64 2013.03.29 5.00 70.00 75.00 NOTE

Check Details

Version: 2013.03.29
Check: DESCRIPTION meta-information
Result: NOTE
    Malformed Description field: should contain one or more complete sentences.
Flavors: r-devel-linux-x86_64-debian-clang, r-devel-linux-x86_64-debian-gcc, r-devel-linux-x86_64-fedora-clang, r-devel-linux-x86_64-fedora-gcc, r-devel-windows-ix86+x86_64, r-patched-linux-x86_64, r-patched-solaris-x86, r-release-linux-x86_64, r-release-macos-x86_64, r-release-windows-ix86+x86_64, r-oldrel-macos-x86_64, r-oldrel-windows-ix86+x86_64

Version: 2013.03.29
Check: R code for possible problems
Result: NOTE
    ncbit : FUN: no visible global function definition for 'read.table'
    ncbit : FUN: no visible global function definition for 'head'
    Undefined global functions or variables:
     head read.table
    Consider adding
     importFrom("utils", "head", "read.table")
    to your NAMESPACE file.
Flavors: r-devel-linux-x86_64-debian-clang, r-devel-linux-x86_64-debian-gcc, r-devel-linux-x86_64-fedora-clang, r-devel-linux-x86_64-fedora-gcc, r-devel-windows-ix86+x86_64, r-patched-linux-x86_64, r-patched-solaris-x86, r-release-linux-x86_64, r-release-macos-x86_64, r-release-windows-ix86+x86_64, r-oldrel-macos-x86_64, r-oldrel-windows-ix86+x86_64

Version: 2013.03.29
Check: installed package size
Result: NOTE
     installed size is 9.5Mb
     sub-directories of 1Mb or more:
     data 9.4Mb
Flavors: r-devel-linux-x86_64-fedora-clang, r-devel-windows-ix86+x86_64, r-patched-solaris-x86, r-release-macos-x86_64, r-release-windows-ix86+x86_64, r-oldrel-macos-x86_64, r-oldrel-windows-ix86+x86_64