CRAN Package Check Results for Package ncbit

Last updated on 2020-02-21 04:48:28 CET.

Flavor Version Tinstall Tcheck Ttotal Status Flags
r-devel-linux-x86_64-debian-clang 2013.03.29 2.59 45.16 47.75 NOTE
r-devel-linux-x86_64-debian-gcc 2013.03.29 1.98 37.61 39.59 NOTE
r-devel-linux-x86_64-fedora-clang 2013.03.29 58.45 NOTE
r-devel-linux-x86_64-fedora-gcc 2013.03.29 57.10 NOTE
r-devel-windows-ix86+x86_64 2013.03.29 6.00 53.00 59.00 NOTE
r-devel-windows-ix86+x86_64-gcc8 2013.03.29 10.00 70.00 80.00 NOTE
r-patched-linux-x86_64 2013.03.29 2.06 43.39 45.45 NOTE
r-patched-solaris-x86 2013.03.29 98.40 NOTE
r-release-linux-x86_64 2013.03.29 2.14 43.51 45.65 NOTE
r-release-windows-ix86+x86_64 2013.03.29 5.00 70.00 75.00 NOTE
r-release-osx-x86_64 2013.03.29 NOTE
r-oldrel-windows-ix86+x86_64 2013.03.29 3.00 42.00 45.00 NOTE
r-oldrel-osx-x86_64 2013.03.29 NOTE

Check Details

Version: 2013.03.29
Check: DESCRIPTION meta-information
Result: NOTE
    Malformed Description field: should contain one or more complete sentences.
Flavors: r-devel-linux-x86_64-debian-clang, r-devel-linux-x86_64-debian-gcc, r-devel-linux-x86_64-fedora-clang, r-devel-linux-x86_64-fedora-gcc, r-devel-windows-ix86+x86_64, r-devel-windows-ix86+x86_64-gcc8, r-patched-linux-x86_64, r-patched-solaris-x86, r-release-linux-x86_64, r-release-windows-ix86+x86_64, r-release-osx-x86_64, r-oldrel-windows-ix86+x86_64, r-oldrel-osx-x86_64

Version: 2013.03.29
Check: R code for possible problems
Result: NOTE
    ncbit : FUN: no visible global function definition for 'read.table'
    ncbit : FUN: no visible global function definition for 'head'
    Undefined global functions or variables:
     head read.table
    Consider adding
     importFrom("utils", "head", "read.table")
    to your NAMESPACE file.
Flavors: r-devel-linux-x86_64-debian-clang, r-devel-linux-x86_64-debian-gcc, r-devel-linux-x86_64-fedora-clang, r-devel-linux-x86_64-fedora-gcc, r-devel-windows-ix86+x86_64, r-devel-windows-ix86+x86_64-gcc8, r-patched-linux-x86_64, r-patched-solaris-x86, r-release-linux-x86_64, r-release-windows-ix86+x86_64, r-release-osx-x86_64, r-oldrel-windows-ix86+x86_64, r-oldrel-osx-x86_64

Version: 2013.03.29
Check: installed package size
Result: NOTE
     installed size is 9.5Mb
     sub-directories of 1Mb or more:
     data 9.4Mb
Flavors: r-devel-linux-x86_64-fedora-clang, r-devel-windows-ix86+x86_64, r-devel-windows-ix86+x86_64-gcc8, r-patched-solaris-x86, r-release-windows-ix86+x86_64, r-release-osx-x86_64, r-oldrel-windows-ix86+x86_64, r-oldrel-osx-x86_64