CRAN Package Check Results for Package ncdf4.helpers

Last updated on 2021-05-09 09:47:09 CEST.

Flavor Version Tinstall Tcheck Ttotal Status Flags
r-devel-linux-x86_64-debian-clang 0.3-5 2.85 26.25 29.10 OK
r-devel-linux-x86_64-debian-gcc 0.3-5 2.19 20.81 23.00 OK
r-devel-linux-x86_64-fedora-clang 0.3-5 45.79 OK
r-devel-linux-x86_64-fedora-gcc 0.3-5 35.24 OK
r-devel-windows-ix86+x86_64 0.3-5 5.00 42.00 47.00 OK
r-devel-windows-x86_64-gcc10-UCRT 0.3-5 ERROR
r-patched-linux-x86_64 0.3-5 3.16 25.77 28.93 OK
r-patched-solaris-x86 0.3-5 52.00 OK
r-release-linux-x86_64 0.3-5 2.76 25.66 28.42 OK
r-release-macos-x86_64 0.3-5 OK
r-release-windows-ix86+x86_64 0.3-5 5.00 34.00 39.00 OK
r-oldrel-macos-x86_64 0.3-5 OK
r-oldrel-windows-ix86+x86_64 0.3-5 5.00 40.00 45.00 OK

Additional issues

M1mac

Check Details

Version: 0.3-5
Check: tests
Result: ERROR
     Running 'testthat.R'
    Running the tests in 'tests/testthat.R' failed.
    Last 13 lines of output:
     [1] 329 - 233 == 96.2
     [2] 197 - 293 == -96.2
     [3] 208 - 336 == -128.2
     [4] 318 - 190 == 128.2
     -- Failure (test-file-functions.R:62:2): grid mappings are read and applied ----
     latlon.data$y not equal to lat.dat[indices].
     4/4 mismatches (average diff: 28)
     [1] 49.5 - 12.4 == 37.1
     [2] 49.5 - 12.4 == 37.1
     [3] 40.4 - 59.1 == -18.8
     [4] 40.4 - 59.1 == -18.8
    
     [ FAIL 2 | WARN 0 | SKIP 0 | PASS 45 ]
     Error: Test failures
     Execution halted
Flavor: r-devel-windows-x86_64-gcc10-UCRT