CRAN Package Check Results for Package ncdump

Last updated on 2024-04-13 06:01:06 CEST.

Flavor Version Tinstall Tcheck Ttotal Status Flags
r-devel-linux-x86_64-debian-clang 0.0.3 4.19 43.93 48.12 NOTE
r-devel-linux-x86_64-debian-gcc 0.0.3 3.66 32.73 36.39 NOTE
r-devel-linux-x86_64-fedora-clang 0.0.3 59.08 NOTE
r-devel-linux-x86_64-fedora-gcc 0.0.3 57.73 NOTE
r-devel-windows-x86_64 0.0.3 5.00 52.00 57.00 NOTE
r-patched-linux-x86_64 0.0.3 4.67 41.51 46.18 NOTE
r-release-linux-x86_64 0.0.3 3.33 41.13 44.46 NOTE
r-release-macos-arm64 0.0.3 23.00 NOTE
r-release-macos-x86_64 0.0.3 33.00 NOTE
r-release-windows-x86_64 0.0.3 6.00 54.00 60.00 NOTE
r-oldrel-macos-arm64 0.0.3 20.00 NOTE
r-oldrel-windows-x86_64 0.0.3 7.00 60.00 67.00 NOTE

Check Details

Version: 0.0.3
Check: LazyData
Result: NOTE 'LazyData' is specified without a 'data' directory Flavors: r-devel-linux-x86_64-debian-clang, r-devel-linux-x86_64-debian-gcc, r-devel-linux-x86_64-fedora-clang, r-devel-linux-x86_64-fedora-gcc, r-devel-windows-x86_64, r-patched-linux-x86_64, r-release-linux-x86_64, r-release-macos-arm64, r-release-macos-x86_64, r-release-windows-x86_64, r-oldrel-macos-arm64, r-oldrel-windows-x86_64