CRAN Package Check Results for Package ncdump

Last updated on 2023-03-21 15:52:23 CET.

Flavor Version Tinstall Tcheck Ttotal Status Flags
r-devel-linux-x86_64-debian-clang 0.0.3 4.01 43.53 47.54 NOTE
r-devel-linux-x86_64-debian-gcc 0.0.3 3.80 32.86 36.66 NOTE
r-devel-linux-x86_64-fedora-clang 0.0.3 59.62 NOTE
r-devel-linux-x86_64-fedora-gcc 0.0.3 56.59 NOTE
r-patched-linux-x86_64 0.0.3 4.18 42.81 46.99 NOTE
r-release-linux-x86_64 0.0.3 4.30 43.39 47.69 NOTE
r-release-macos-arm64 0.0.3 20.00 NOTE
r-release-macos-x86_64 0.0.3 41.00 NOTE
r-release-windows-x86_64 0.0.3 12.00 70.00 82.00 NOTE
r-oldrel-macos-arm64 0.0.3 25.00 NOTE
r-oldrel-macos-x86_64 0.0.3 40.00 NOTE
r-oldrel-windows-ix86+x86_64 0.0.3 11.00 68.00 79.00 NOTE

Check Details

Version: 0.0.3
Check: LazyData
Result: NOTE
     'LazyData' is specified without a 'data' directory
Flavors: r-devel-linux-x86_64-debian-clang, r-devel-linux-x86_64-debian-gcc, r-devel-linux-x86_64-fedora-clang, r-devel-linux-x86_64-fedora-gcc, r-patched-linux-x86_64, r-release-linux-x86_64, r-release-macos-arm64, r-release-macos-x86_64, r-release-windows-x86_64, r-oldrel-macos-arm64, r-oldrel-macos-x86_64, r-oldrel-windows-ix86+x86_64