CRAN Package Check Results for Package ncpen

Last updated on 2024-05-22 16:53:54 CEST.

Flavor Version Tinstall Tcheck Ttotal Status Flags
r-devel-linux-x86_64-debian-clang 1.0.0 75.10 47.35 122.45 NOTE
r-devel-linux-x86_64-debian-gcc 1.0.0 56.26 37.41 93.67 NOTE
r-devel-linux-x86_64-fedora-clang 1.0.0 157.51 NOTE
r-devel-linux-x86_64-fedora-gcc 1.0.0 180.71 NOTE
r-devel-windows-x86_64 1.0.0 56.00 83.00 139.00 NOTE
r-patched-linux-x86_64 1.0.0 75.16 46.80 121.96 NOTE
r-release-linux-x86_64 1.0.0 68.56 46.71 115.27 NOTE
r-release-macos-arm64 1.0.0 41.00 NOTE
r-release-windows-x86_64 1.0.0 55.00 85.00 140.00 NOTE
r-oldrel-macos-arm64 1.0.0 49.00 NOTE
r-oldrel-macos-x86_64 1.0.0 78.00 NOTE
r-oldrel-windows-x86_64 1.0.0 68.00 91.00 159.00 NOTE

Check Details

Version: 1.0.0
Check: package subdirectories
Result: NOTE Problems with news in ‘NEWS.md’: No news entries found. Flavors: r-devel-linux-x86_64-debian-clang, r-devel-linux-x86_64-debian-gcc, r-devel-linux-x86_64-fedora-clang, r-devel-linux-x86_64-fedora-gcc, r-devel-windows-x86_64, r-patched-linux-x86_64, r-release-linux-x86_64, r-release-macos-arm64, r-release-windows-x86_64, r-oldrel-macos-arm64, r-oldrel-macos-x86_64, r-oldrel-windows-x86_64

Version: 1.0.0
Check: Rd files
Result: NOTE checkRd: (-1) ncpen.Rd:108: Lost braces; missing escapes or markup? 108 | \item{gamma}{extra shrinkage parameter for \code{classo} and {sridge} only.} | ^ checkRd: (-1) ncpen.reg.Rd:109: Lost braces; missing escapes or markup? 109 | \item{gamma}{extra shrinkage parameter for \code{classo} and {sridge} only.} | ^ Flavors: r-devel-linux-x86_64-debian-clang, r-devel-linux-x86_64-debian-gcc, r-devel-linux-x86_64-fedora-clang, r-devel-linux-x86_64-fedora-gcc, r-devel-windows-x86_64, r-patched-linux-x86_64, r-release-linux-x86_64, r-release-macos-arm64, r-release-windows-x86_64

Version: 1.0.0
Check: LazyData
Result: NOTE 'LazyData' is specified without a 'data' directory Flavors: r-devel-linux-x86_64-debian-clang, r-devel-linux-x86_64-debian-gcc, r-devel-linux-x86_64-fedora-clang, r-devel-linux-x86_64-fedora-gcc, r-devel-windows-x86_64, r-patched-linux-x86_64, r-release-linux-x86_64, r-release-macos-arm64, r-release-windows-x86_64, r-oldrel-macos-arm64, r-oldrel-macos-x86_64, r-oldrel-windows-x86_64

Version: 1.0.0
Check: installed package size
Result: NOTE installed size is 7.1Mb sub-directories of 1Mb or more: libs 6.9Mb Flavors: r-release-macos-arm64, r-oldrel-macos-arm64, r-oldrel-macos-x86_64