CRAN Package Check Results for Package ncpen

Last updated on 2019-07-17 18:48:06 CEST.

Flavor Version Tinstall Tcheck Ttotal Status Flags
r-devel-linux-x86_64-debian-clang 1.0.0 54.03 37.25 91.28 OK
r-devel-linux-x86_64-debian-gcc 1.0.0 43.45 30.18 73.63 OK
r-devel-linux-x86_64-fedora-clang 1.0.0 131.56 NOTE
r-devel-linux-x86_64-fedora-gcc 1.0.0 134.56 OK
r-devel-windows-ix86+x86_64 1.0.0 135.00 95.00 230.00 OK
r-patched-linux-x86_64 1.0.0 54.63 37.07 91.70 OK
r-patched-solaris-x86 1.0.0 142.90 OK
r-release-linux-x86_64 1.0.0 51.29 37.27 88.56 OK
r-release-windows-ix86+x86_64 1.0.0 105.00 109.00 214.00 OK
r-release-osx-x86_64 1.0.0 NOTE
r-oldrel-windows-ix86+x86_64 1.0.0 92.00 96.00 188.00 OK
r-oldrel-osx-x86_64 1.0.0 NOTE

Check Details

Version: 1.0.0
Check: installed package size
Result: NOTE
     installed size is 6.2Mb
     sub-directories of 1Mb or more:
     libs 5.9Mb
Flavors: r-devel-linux-x86_64-fedora-clang, r-release-osx-x86_64, r-oldrel-osx-x86_64